{"id":11732,"date":"2015-09-25T10:17:59","date_gmt":"2015-09-25T08:17:59","guid":{"rendered":"http:\/\/www.prodentitalia.eu\/depa\/?page_id=11732"},"modified":"2020-01-17T08:58:29","modified_gmt":"2020-01-17T07:58:29","slug":"privacy-policy","status":"publish","type":"page","link":"https:\/\/www.prodentitalia.eu\/depa\/privacy-policy\/","title":{"rendered":"Datenschutz-Richtlinie"},"content":{"rendered":"<div class=\"fusion-fullwidth fullwidth-box fusion-builder-row-1 hundred-percent-fullwidth non-hundred-percent-height-scrolling\"  style='background-color: rgba(255,255,255,0);background-position: center center;background-repeat: no-repeat;padding-top:0px;padding-right:0px;padding-bottom:0px;padding-left:0px;border-top-width:0px;border-bottom-width:0px;border-color:#eae9e9;border-top-style:solid;border-bottom-style:solid;'><div class=\"fusion-builder-row fusion-row \"><div  class=\"fusion-layout-column fusion_builder_column fusion_builder_column_1_1 fusion-builder-column-0 fusion-one-full fusion-column-first fusion-column-last 1_1\"  style='margin-top:0px;margin-bottom:20px;'><div class=\"fusion-column-wrapper\" style=\"background-position:left top;background-repeat:no-repeat;-webkit-background-size:cover;-moz-background-size:cover;-o-background-size:cover;background-size:cover;\"   data-bg-url=\"\"><div class=\"fusion-text\"><p style=\"text-align: justify\"><strong>DATENSCHUTZBESTIMMUNG GEM\u00c4SS ART. 13 VERORDNUNG (EU) 679\/2016 f\u00fcr Prodent Italia Srl <\/strong><\/p>\n<p style=\"text-align: justify\">Hiermit erteilen wie Ihnen alle Informationen, die f\u00fcr die Beschreibung der verschiedenen von Prodent Italia im Rahmen ihrer \u00fcblichen T\u00e4tigkeiten durchgef\u00fchrten Bearbeitungen erforderlich sind.<\/p>\n<ol style=\"text-align: justify\">\n<li><strong> RECHTSINHABER DER DATENVERARBEITUNG <\/strong><\/li>\n<\/ol>\n<p style=\"text-align: justify\">Prodent Italia Srl<br \/>\nVia Pitagora, 9 \u00a0&#8211; 20016 Pero MI (Italien)<br \/>\ne-mail: privacy@prodentitalia.eu<\/p>\n<ol style=\"text-align: justify\" start=\"2\">\n<li><strong> ERHOBENE DATEN, ZWECK UND VERWAHRUNGSDAUER <\/strong><\/li>\n<\/ol>\n<p style=\"text-align: justify\">Nachstehend f\u00fchren wir alle Datentypologien und Verarbeitungszwecke an, welche die T\u00e4tigkeiten von Prodent Italia betreffen:<\/p>\n<ul style=\"text-align: justify\">\n<li><strong>Daten, die vom Benutzer bei der Navigation auf der Webseite offengelegt werden: <\/strong>Hierbei handelt es sich um jene Daten, die erhoben werden, wenn der Benutzer Informationen anfordert und hierzu entsprechende Formulare (Form) auf der Website ausf\u00fcllt oder an die E-Mail-Adressen schreibt oder die Telefonnummern anruft, die auf der Website angegeben werden. Diese Daten werden vom Benutzer freiwillig zur Verf\u00fcgung gestellt und ausschlie\u00dflich dazu verwendet, die vom Benutzer angeforderte Dienstleistung zu erbringen. Spezielle Informationen finden Sie auf den Seiten oder in den Bereichen der Website, die den besonderen Dienstleistungen gewidmet sind. Der Benutzer \u00fcbernimmt die Verantwortung f\u00fcr die personenbezogenen Daten von Dritten, die auf dieser Website ver\u00f6ffentlicht oder geteilt werden und garantiert, das Recht zu haben, sie offen zu legen oder zu verbreiten. Der Rechtsinhaber ist damit von jeglicher Haftung gegen\u00fcber Dritten befreit.<\/li>\n<li><strong>Daten, die anl\u00e4sslich von Events, Messen und Kursen offengelegt wurden: <\/strong>Prodent Italia organisiert, koordiniert und sponsert verschiedene Zusammenk\u00fcnfte und Begegnungen mit Fachleuten des Sektors, die m\u00f6glicherweise noch nicht unsere Kunden sind. Bei solchen Situationen k\u00f6nnen die Daten der Teilnehmer erfasst werden, die zwecks Erledigung allf\u00e4lliger Anfragen, zur Pr\u00e4sentation des Unternehmens und zwecks Zusendung unseres Newsletters verwendet werden. Sollte der Nutzer den Vorschlag nicht unterzeichnen, werden die in der Kontaktliste erfassten Daten ein Jahr lang f\u00fcr betriebsinterne Analysen verwahrt und danach gel\u00f6scht.<\/li>\n<\/ul>\n<ul style=\"text-align: justify\">\n<li><strong>Versenden von Marketingkommunikationen in Bezug auf bereitgestellte Produkte \/ Dienstleistungen, Veranstaltungen und damit verbundene Kurse: <\/strong>Prodent Italia verpflichtet sich, ihre bestehenden und potentiellen Kunden immer \u00fcber Initiativen mit hohem Mehrwert wie Kurse zur Berufsbef\u00e4higung oder Bildungsevents sowie \u00fcber neue am Markt eingef\u00fchrte Produkte und angebotenen Dienstleistungen. \u00a0Zu diesem Zweck wird den Kunden vorgeschlagen, ihre Zustimmung zur Verwendung der Email zu erteilen, die beim Ausf\u00fcllen der anagrafischen Daten oder bei Bereitstellung ihrer Daten zwecks Erhalts um unseren Newsletters\/Marketing-Mitteilungen zu erhalten. Wird die Zustimmung zur Verwendung des E-mails oder der Widerruf desselben verweigert, beeintr\u00e4chtigt das in keinster Weise die bestehende Handelsbeziehung, verhindert aber, dass der Experte \u00fcber die j\u00fcngsten Neuigkeiten und\u00a0best practices\u00a0des Sektors informiert wird. Die betroffene Person kann ihre Zustimmung jederzeit eigenst\u00e4ndig widerrufen, indem sie die eigens daf\u00fcr am Ende aller Mitteilungen vorgesehene Option w\u00e4hlt. Auf diese Art und Weise wird Ihr Email unverz\u00fcglich von der kommerziellen Marketing-Mailingliste ausschlie\u00dflich f\u00fcr die in dieser Datenschutzerkl\u00e4rung angegebenen zwingenden Verpflichtungen verwendet werden.<\/li>\n<li><strong>Fotos und Videos:<\/strong> Prodent Italia vertritt die Ansicht, dass die Herstellung von video-fotografischem Material ein wichtiges Element f\u00fcr die Entwicklung ihrer T\u00e4tigkeit und f\u00fcr die Promotion ihres Unternehmensimages darstellt. Daher kann es vorkommen, dass bei allen Anl\u00e4ssen, in die Prodent involviert ist (Meetings, Messen, Kongresse, Kurse) Videos aufgezeichnet und fotografisches Material erfasst werden, die sp\u00e4ter f\u00fcr die Erstellung von didaktischen und klinischen Unterlagen bzw. f\u00fcr Bekanntmachungen und Handelszwecke herangezogen werden. Die betroffenen Personen werden \u00fcber solche Initiativen im Vorfeld informiert und k\u00f6nnen jederzeit ihre Zustimmung zur Verwendung ihrer Abbildungen verweigern oder widerrufen. Es wird garantiert, dass die Abbildungen den Anstand und die W\u00fcrde der betroffenen Person nicht verletzen, die immer die M\u00f6glichkeit hat, Einblick in die Abbildungen zu nehmen bzw. die \u00c4nderung oder L\u00f6schung derselben zu fordern, indem sie sich an: <a href=\"mailto:privacy@prodentitalia.eu\">privacy@prodentitalia.eu<\/a> Das Foto- und Videomaterial wird nach der Erstellung desselben 10 Jahre lang in den Archiven der Prodent verwahrt.<strong>\u00a0 \u00a0 \u00a0 \u00a0 \u00a0 \u00a0 \u00a0 \u00a0 \u00a0 \u00a0 \u00a0 \u00a0 \u00a0 \u00a0 \u00a0 \u00a0 \u00a0 \u00a0 \u00a0 \u00a0 \u00a0 \u00a0 \u00a0 \u00a0 \u00a0 \u00a0 \u00a0 \u00a0 \u00a0 \u00a0 \u00a0 \u00a0 \u00a0 \u00a0 \u00a0 \u00a0 \u00a0 \u00a0 \u00a0 \u00a0 \u00a0 \u00a0 \u00a0 \u00a0 \u00a0 \u00a0 \u00a0 \u00a0 \u00a0 \u00a0 \u00a0 \u00a0\u00a0<\/strong><\/li>\n<li><strong>Daten bez\u00fcglich der verwaltung der kundenbeziehungen (bestellungen, rechnungsstellung, &#8230;) und Einhaltung gesetzlicher verpflichtungen in den bereichen buchhaltung, steuer- und Medizinprodukte:<\/strong>bei der Unterzeichnung eines Vertrags oder einer Bestellung werden nur jene Daten erfasst, die f\u00fcr die korrekte Durchf\u00fchrung der gew\u00fcnschten Leistung unbedingt erforderlich sind, wie z.B. die e-mail adresse. Bei mangelnder oder unvollst\u00e4ndiger Bekanntgabe der f\u00fcr diese Zwecke erforderlichen Daten kann die Bestellung nicht ordnungsgem\u00e4\u00df durchgef\u00fchrt bzw. der gew\u00fcnschte Dienst nicht bereitgestellt werden.Da einige Daten nicht korrekt oder aktualisiert sein k\u00f6nnten, ersuchen wir Sie, allf\u00e4llige Abweichungen \u00fcber die \u00fcblichen Kommunikationskan\u00e4le der Prodent Italia zu melden. Diese Daten werden f\u00fcr die gesamte Dauer der bestehenden Beziehung und f\u00fcr die gesamte Dauer aufbewahrt, die in den Rechnungslegungs-, Steuer- und Verwaltungsvorschriften f\u00fcr Medizinprodukte vorgesehen ist.<\/li>\n<\/ul>\n<ul style=\"text-align: justify\">\n<li><strong>Informationen f\u00fcr Bewerbungen: <\/strong>die Lebensl\u00e4ufe und Informationen, die auch \u00fcber den auf der Webseite vorgesehenen Abschnitt \u00fcbermittelt wurden, werden ausschlie\u00dflich zur Beurteilung allf\u00e4lliger Bewerbungen verwendet. Nicht erfolgreiche Kandidaten erhalten keine Verst\u00e4ndigung. Die Lebensl\u00e4ufe von nicht erfolgreichen Kandidaten werden f\u00fcr einen Zeitraum von maximal 3 Jahren aufbewahrt. Sollten in diesen Lebensl\u00e4ufen gesundheitsbezogene Informationen enthalten sein (z.B. gesch\u00fctzte Kategorie), k\u00f6nnen diese ausschlie\u00dflich bei Vorliegen einer ausdr\u00fccklichen Zustimmung seitens der betroffenen Person behandelt werden, welche am Rand des Lebenslaufes angebracht sein muss.<\/li>\n<\/ul>\n<ol style=\"text-align: justify\" start=\"3\">\n<li><strong> EMPF\u00c4NGER DER DATEN UND \u00dcBERMITTLUNG INS AUSLAND<\/strong><\/li>\n<\/ol>\n<p style=\"text-align: justify\">Die erfassten Daten werden vom Personal der Prodent Italia verwaltet und in Dokumente, Register und Listen eingef\u00fcgt, die jenen Rechtssubjekten \u00fcbermittelt werden k\u00f6nnen, deren gesetzliche Bestimmungen einen Zugriff erm\u00f6glichen bzw. jenen Rechtssubjekten, f\u00fcr die zwecks Durchf\u00fchrung der beantragten T\u00e4tigkeit oder Dienstleistung die Bekanntgabe der Daten erforderlich ist (z.B. Personal die sich mit Angelegenheiten aus den Bereichen Verwaltung, Handel, Marketing, Gesetz oder Gesellschaft besch\u00e4ftigen bzw. Konsulenten, die Dienstleistungen wie die Bereitstellung und Assistenz von informatischen Diensten, Hosting-Providing, Postkuriere und Ausarbeitung von Video- und Fotomaterial erbringen). Alle externen Rechtssubjekte sind unter ordentlichen Vertr\u00e4gen verdingt. Eine \u00dcbermittlung ins Ausland ist nicht vorgesehen.<\/p>\n<ol style=\"text-align: justify\" start=\"4\">\n<li><strong> RECHTE DES BETROFFENEN<\/strong><\/li>\n<\/ol>\n<p style=\"text-align: justify\">Der Betroffene kann sich jederzeit an den Rechtsinhaber der Datenverarbeitung wenden und per E-Mail an privacy@prodentitalia.eu seine Rechte gem\u00e4\u00df Abs. III, Verordnung (EU) 679\/2016 geltend machen, wie beispielsweise:<\/p>\n<ul>\n<li style=\"text-align: justify\">Zugriff auf seine personenbezogenen Daten verlangen sowie die Berichtigung, L\u00f6schung derselben oder eine Einschr\u00e4nkung der Verarbeitung fordern.<\/li>\n<li style=\"text-align: justify\">Auskunft \u00fcber den Zweck der Verarbeitung, die Kategorie der verarbeiteten Daten, die Empf\u00e4nger der Daten und die Verwahrungsdauer zu erhalten.<\/li>\n<li style=\"text-align: justify\">Die Einwilligung jederzeit widerrufen (sofern eine solche verlangt worden war) und \u00fcber die Folgen dieser Entscheidung informiert werden.<\/li>\n<li style=\"text-align: justify\">Die L\u00f6schung der Daten (sofern m\u00f6glich) beantragen, wenn diese nicht mehr f\u00fcr den Zweck, f\u00fcr den sie erhoben wurden, notwendig sind.<\/li>\n<li style=\"text-align: justify\">Sich dem Profiling oder Direktmarketing widersetzen.<\/li>\n<li style=\"text-align: justify\">Beim Datenschutzbeauftragten Beschwerde einlegen.<\/li>\n<\/ul>\n<p>Auskunft \u00fcber die Rechtssubjekte erhalten, denen seine Daten bekannt gegeben werden k\u00f6nnen und einen Auszug der mit diesen Rechtssubjekten bestehenden Vertr\u00e4ge \u00fcberpr\u00fcf<\/p>\n<\/div><div class=\"fusion-clearfix\"><\/div><\/div><\/div><\/div><\/div>\n","protected":false},"excerpt":{"rendered":"","protected":false},"author":1,"featured_media":0,"parent":0,"menu_order":0,"comment_status":"closed","ping_status":"closed","template":"","meta":[],"yoast_head":"<!-- This site is optimized with the Yoast SEO plugin v14.7 - https:\/\/yoast.com\/wordpress\/plugins\/seo\/ -->\n<title>Datenschutz-Richtlinie - Patienten-Bereich Prodent Italia<\/title>\n<meta name=\"robots\" content=\"index, follow\" \/>\n<meta name=\"googlebot\" content=\"index, follow, max-snippet:-1, max-image-preview:large, max-video-preview:-1\" \/>\n<meta name=\"bingbot\" content=\"index, follow, max-snippet:-1, max-image-preview:large, max-video-preview:-1\" \/>\n<link rel=\"canonical\" href=\"https:\/\/www.prodentitalia.eu\/depa\/privacy-policy\/\" \/>\n<meta property=\"og:locale\" content=\"it_IT\" \/>\n<meta property=\"og:type\" content=\"article\" \/>\n<meta property=\"og:title\" content=\"Datenschutz-Richtlinie - Patienten-Bereich Prodent Italia\" \/>\n<meta property=\"og:url\" content=\"https:\/\/www.prodentitalia.eu\/depa\/privacy-policy\/\" \/>\n<meta property=\"og:site_name\" content=\"Patienten-Bereich Prodent Italia\" \/>\n<meta property=\"article:modified_time\" content=\"2020-01-17T07:58:29+00:00\" \/>\n<meta name=\"twitter:card\" content=\"summary\" \/>\n<meta name=\"twitter:creator\" content=\"@pr0en7erad475\" \/>\n<script type=\"application\/ld+json\" class=\"yoast-schema-graph\">{\"@context\":\"https:\/\/schema.org\",\"@graph\":[{\"@type\":\"WebSite\",\"@id\":\"https:\/\/www.prodentitalia.eu\/depa\/#website\",\"url\":\"https:\/\/www.prodentitalia.eu\/depa\/\",\"name\":\"Patienten-Bereich Prodent Italia\",\"description\":\"Prodent Italia l&#039;implantologia made in Italy\",\"potentialAction\":[{\"@type\":\"SearchAction\",\"target\":\"https:\/\/www.prodentitalia.eu\/depa\/?s={search_term_string}\",\"query-input\":\"required name=search_term_string\"}],\"inLanguage\":\"it-IT\"},{\"@type\":\"WebPage\",\"@id\":\"https:\/\/www.prodentitalia.eu\/depa\/privacy-policy\/#webpage\",\"url\":\"https:\/\/www.prodentitalia.eu\/depa\/privacy-policy\/\",\"name\":\"Datenschutz-Richtlinie - Patienten-Bereich Prodent Italia\",\"isPartOf\":{\"@id\":\"https:\/\/www.prodentitalia.eu\/depa\/#website\"},\"datePublished\":\"2015-09-25T08:17:59+00:00\",\"dateModified\":\"2020-01-17T07:58:29+00:00\",\"inLanguage\":\"it-IT\",\"potentialAction\":[{\"@type\":\"ReadAction\",\"target\":[\"https:\/\/www.prodentitalia.eu\/depa\/privacy-policy\/\"]}]}]}<\/script>\n<!-- \/ Yoast SEO plugin. -->","_links":{"self":[{"href":"https:\/\/www.prodentitalia.eu\/depa\/wp-json\/wp\/v2\/pages\/11732"}],"collection":[{"href":"https:\/\/www.prodentitalia.eu\/depa\/wp-json\/wp\/v2\/pages"}],"about":[{"href":"https:\/\/www.prodentitalia.eu\/depa\/wp-json\/wp\/v2\/types\/page"}],"author":[{"embeddable":true,"href":"https:\/\/www.prodentitalia.eu\/depa\/wp-json\/wp\/v2\/users\/1"}],"replies":[{"embeddable":true,"href":"https:\/\/www.prodentitalia.eu\/depa\/wp-json\/wp\/v2\/comments?post=11732"}],"version-history":[{"count":6,"href":"https:\/\/www.prodentitalia.eu\/depa\/wp-json\/wp\/v2\/pages\/11732\/revisions"}],"predecessor-version":[{"id":11792,"href":"https:\/\/www.prodentitalia.eu\/depa\/wp-json\/wp\/v2\/pages\/11732\/revisions\/11792"}],"wp:attachment":[{"href":"https:\/\/www.prodentitalia.eu\/depa\/wp-json\/wp\/v2\/media?parent=11732"}],"curies":[{"name":"wp","href":"https:\/\/api.w.org\/{rel}","templated":true}]}}