{"id":11732,"date":"2015-09-25T10:17:59","date_gmt":"2015-09-25T08:17:59","guid":{"rendered":"http:\/\/www.prodentitalia.eu\/espa\/?page_id=11732"},"modified":"2020-01-19T18:05:38","modified_gmt":"2020-01-19T17:05:38","slug":"privacy-policy","status":"publish","type":"page","link":"https:\/\/www.prodentitalia.eu\/espa\/privacy-policy\/","title":{"rendered":"Pol\u00edtica de privacidad"},"content":{"rendered":"<div class=\"fusion-fullwidth fullwidth-box fusion-builder-row-1 hundred-percent-fullwidth non-hundred-percent-height-scrolling\"  style='background-color: rgba(255,255,255,0);background-position: center center;background-repeat: no-repeat;padding-top:0px;padding-right:0px;padding-bottom:0px;padding-left:0px;border-top-width:0px;border-bottom-width:0px;border-color:#eae9e9;border-top-style:solid;border-bottom-style:solid;'><div class=\"fusion-builder-row fusion-row \"><div  class=\"fusion-layout-column fusion_builder_column fusion_builder_column_1_1 fusion-builder-column-0 fusion-one-full fusion-column-first fusion-column-last 1_1\"  style='margin-top:0px;margin-bottom:20px;'><div class=\"fusion-column-wrapper\" style=\"background-position:left top;background-repeat:no-repeat;-webkit-background-size:cover;-moz-background-size:cover;-o-background-size:cover;background-size:cover;\"   data-bg-url=\"\"><div class=\"fusion-text\"><p style=\"text-align: justify\"><strong>DECLARACI\u00d3N SOBRE PRIVACIDAD SEG\u00daN ART.13 REGLAMENTO 679\/2016 de Prodent Italia Srl<\/strong><\/p>\n<p style=\"text-align: justify\">Por la presente, damos a conocer toda la informaci\u00f3n necesaria para detallar los diferentes tratamientos efectuados por Prodent Italia en el \u00e1mbito de sus actividades usuales.<\/p>\n<ol style=\"text-align: justify\">\n<li><strong>TITULAR DEL TRATAMIENTO DE LOS DATOS<\/strong><\/li>\n<\/ol>\n<p style=\"text-align: justify\">Prodent Italia Srl<br \/>\nVia Pitagora, 9 20016 Pero Mi (Italia)<br \/>\ne-mail: privacy@prodentitalia.eu<\/p>\n<ol style=\"text-align: justify\" start=\"2\">\n<li><strong>DATOS RECABADOS, FINALIDAD Y DURACI\u00d3N DE LA CONSERVACI\u00d3N<\/strong><\/li>\n<\/ol>\n<p style=\"text-align: justify\">A continuaci\u00f3n detallamos todos los tipos de datos y finalidades del tratamiento, concernientes a las actividades de Prodent Italia:<\/p>\n<ul style=\"text-align: justify\">\n<li><strong>Datos proporcionados por el usuario durante la navegaci\u00f3n del sitio:\u00a0<\/strong>Son aquellos datos proporcionados por ejemplo cuando el usuario solicita alguna informaci\u00f3n, completando los formularios que se hallan en el sitio para tal fin, o escribiendo a las direcciones de correo electr\u00f3nico, o llamando a los n\u00fameros de tel\u00e9fono que figuran en el sitio. Dichos datos son brindados por el usuario en forma voluntaria y opcional,\u00a0 y son utilizados para las finalidades estrictamente relacionadas con el suministro del servicio requerido por el usuario. El usuario asume la responsabilidad por los datos de terceros publicados o compartidos mediante este sitio, y declara tener derecho de comunicarlos o difundirlos, liberando al Titular de toda responsabilidad hacia terceros.<\/li>\n<\/ul>\n<ul style=\"text-align: justify\">\n<li><strong>Datos proporcionados en ocasi\u00f3n de eventos, exposiciones o cursos:\u00a0<\/strong>Prodent Italia organiza, coordina y promociona diversos eventos de agrupaci\u00f3n y encuentro con profesionales del sector, que podr\u00edan no ser a\u00fan clientes nuestros. En tales casos, pueden recabarse datos de los participantes, que se usar\u00e1n para atender cualquier consulta, presentar la empresa y enviar nuestro bolet\u00edn informativo. Si el usuario no suscribe la propuesta, sus datos recabados en la ficha de contactos ser\u00e1n conservados con fines de an\u00e1lisis interno durante un a\u00f1o, tras lo cual ser\u00e1n eliminados.<\/li>\n<\/ul>\n<ul style=\"text-align: justify\">\n<li><strong>Env\u00edo de comunicaciones de marketing<\/strong> <strong>concernientes a los productos <\/strong><strong>y servicios<\/strong><strong> entregados, eventos y cursos afines:\u00a0<\/strong>Prodent Italia se compromete a mantener siempre actualizados a sus clientes y clientes potenciales sobre iniciativas de alto valor agregado, tales como cursos de profesionalizaci\u00f3n o eventos instructivos, adem\u00e1s de informar sobre productos y servicios ofrecidos. Con tal prop\u00f3sito, se les sugiere a los clientes que den su consentimiento para el uso del correo electr\u00f3nico, que se informa al llenar sus datos personales o cuando informan sus datos para recibir\u00a0nuestros boletines\/comunicaciones de marketing. La falta de consentimiento para el uso del correo electr\u00f3nico para recibir el bolet\u00edn informativo de marketing, o la cancelaci\u00f3n del mismo, no afectan de ning\u00fan modo el v\u00ednculo comercial establecido, sino que solo impiden que el profesional reciba informaci\u00f3n sobre las \u00faltimas novedades y mejores pr\u00e1cticas del sector. Adem\u00e1s, el usuario puede revocar su consentimiento en cualquier momento y con plena autonom\u00eda, mediante la funci\u00f3n correspondiente, presente al pie de todas las comunicaciones. En este caso, su correo electr\u00f3nico ser\u00e1 eliminado inmediatamente de la lista de correo de marketing, permanecer en uso exclusivamente para las obligaciones obligatorias especificadas en esta pol\u00edtica de privacidad.<\/li>\n<\/ul>\n<ul style=\"text-align: justify\">\n<li><strong>Fotos y v\u00eddeo:<\/strong>\u00a0Prodent Italia considera que el material videogr\u00e1fico producido es un elemento fundamental para el desarrollo de sus actividades y para la promoci\u00f3n de la imagen de la empresa. En tal sentido, todos los eventos en los que participa Prodent (encuentros, ferias, congresos, cursos) podr\u00edan ser registrados en v\u00eddeo y fotograf\u00edas, y dicho material ser\u00e1 utilizado para crear material did\u00e1ctico, cl\u00ednico, de divulgaci\u00f3n y comercial. Los interesados ser\u00e1n informados con anterioridad sobre esta iniciativa y pueden denegar o revocar su consentimiento para el uso de su imagen en cualquier momento. Garantizamos que las im\u00e1genes se toman en modo tal de no perjudicar la dignidad personal y el decoro de los interesados, quienes, en todo caso, pueden visualizar las im\u00e1genes y solicitar su modificaci\u00f3n o eliminaci\u00f3n, comunic\u00e1ndose con:\u00a0<a href=\"mailto:privacy@prodentitalia.eu\">privacy@prodentitalia.eu\u00a0<\/a>El material producido ser\u00e1 conservado en los archivos de Prodent durante 10 a\u00f1os a partir de su realizaci\u00f3n.<\/li>\n<\/ul>\n<ul style=\"text-align: justify\">\n<li><strong>Datos concernientes a la gesti\u00f3n de clientes (\u00f3rdenes, facturaci\u00f3n, &#8230;) y cumplimiento de obligaciones legales\u00a0en materia contable, fiscal y de dispositivos m\u00e9dicos:\u00a0<\/strong>Cuando se suscribe un contrato o una orden comercial, se recaban datos estrictamente necesarios para el correcto procesamiento de la solicitud, incluyendo la direcci\u00f3n de correo electr\u00f3nico. Si se omite brindar de forma total o parcial los datos requeridos a tal fin, ser\u00e1 imposible procesar la orden o suministrar el servicio. Es posible que algunos datos no est\u00e9n actualizados y le invitamos a indicar las correcciones necesarias mediante los canales habituales de comunicaci\u00f3n con Prodent Italia. Dichos datos ser\u00e1n conservados por el t\u00e9rmino de duraci\u00f3n del v\u00ednculo existente y por todo el periodo previsto por la normativa contable, fiscales y reglamentarias sobre\u00a0Dispositivos\u00a0M\u00e9dicos.<\/li>\n<\/ul>\n<ul style=\"text-align: justify\">\n<li><strong>Informaci\u00f3n para candidaturas:\u00a0<\/strong>Los curr\u00edculos e informaci\u00f3n enviada, incluso a trav\u00e9s de la secci\u00f3n correspondiente del sitio de internet, ser\u00e1n utilizados exclusivamente para evaluar las eventuales candidaturas. No se prev\u00e9 una respuesta en caso de que la persona no sea seleccionada. Los CV no seleccionados ser\u00e1n conservados por un t\u00e9rmino m\u00e1ximo de 3 a\u00f1os y se le recuerda que, si en el CV se incluyera informaci\u00f3n de tipo sanitario (por ej. categor\u00eda de cobertura) ser\u00e1 posible tratarlos exclusivamente con el expreso consentimiento del interesado al pie de dicho CV.<\/li>\n<\/ul>\n<ol style=\"text-align: justify\" start=\"3\">\n<li><strong>DESTINATARIOS Y ENV\u00cdO AL EXTERIOR<\/strong><\/li>\n<\/ol>\n<p style=\"text-align: justify\">Los datos recabados ser\u00e1n gestionados por el personal de Prodent Italia y ser\u00e1n ingresados en documentos, registros y evidencias que podr\u00e1n ser transmitidos a quienes las disposiciones legales otorgan la facultad de acceso o a quienes sea necesario transferir a los fines del desarrollo de la actividad o de la oferta de los servicios solicitados (por ejemplo personal administrativo, comercial, marketing, legal, sociedades y asesores que presten servicios de suministro y soporte inform\u00e1tico, proveedores de hosting, de mensajer\u00eda, elaboraci\u00f3n de material v\u00eddeo-fotogr\u00e1fico). Todos los sujetos externos est\u00e1n debidamente vinculados por contrato. No se prev\u00e9 el env\u00edo al exterior.<\/p>\n<ol style=\"text-align: justify\" start=\"4\">\n<li><strong>DERECHOS DEL INTERESADO<\/strong><\/li>\n<\/ol>\n<p style=\"text-align: left\">El interesado podr\u00e1 hacer valer en todo momento, dirigi\u00e9ndose al titular del tratamiento mediante el env\u00edo de un correo electr\u00f3nico a la direcci\u00f3n\u00a0<a href=\"mailto:privacy@prodentitalia.eu\">privacy@prodentitalia.eu<\/a>\u00a0\u2013 los derechos que le asisten seg\u00fan la secci\u00f3n III del reglamento 679\/2016, entre otros:<\/p>\n<ul>\n<li style=\"text-align: justify\">Solicitar el acceso a sus propios datos personales y solicitar su modificaci\u00f3n, eliminaci\u00f3n o limitaci\u00f3n del tratamiento.<\/li>\n<li style=\"text-align: justify\">Conocer las finalidades del tratamiento, las categor\u00edas de los datos tratados, los destinatarios a quienes se comunican los datos y el periodo de conservaci\u00f3n.<\/li>\n<li style=\"text-align: justify\">Revocar el consentimiento (en casos que fuera requerido) en cualquier momento, aceptando las consecuencias de dicha opci\u00f3n.<\/li>\n<li style=\"text-align: justify\">Solicitar la eliminaci\u00f3n (cuando fuera posible) de los datos que ya no sean necesarios al fin para el cual hubieran sido recabados.<\/li>\n<li style=\"text-align: justify\">Oponerse al tratamiento de elaboraci\u00f3n de perfil o marketing directo.<\/li>\n<li style=\"text-align: justify\">Elevar un reclamo a la autoridad de Garant\u00eda de la privacidad.<\/li>\n<li style=\"text-align: justify\">Conocer los sujetos a quienes se podr\u00e1n comunicar los datos y verificar el resumen de los contratos existentes con dichos sujetos.<\/li>\n<\/ul>\n<\/div><div class=\"fusion-clearfix\"><\/div><\/div><\/div><\/div><\/div>\n","protected":false},"excerpt":{"rendered":"","protected":false},"author":1,"featured_media":0,"parent":0,"menu_order":0,"comment_status":"closed","ping_status":"closed","template":"","meta":[],"yoast_head":"<!-- This site is optimized with the Yoast SEO plugin v14.7 - https:\/\/yoast.com\/wordpress\/plugins\/seo\/ -->\n<title>Pol\u00edtica de privacidad - \u00c1rea Pacientes Prodent Italia<\/title>\n<meta name=\"robots\" content=\"index, follow\" \/>\n<meta name=\"googlebot\" content=\"index, follow, max-snippet:-1, max-image-preview:large, max-video-preview:-1\" \/>\n<meta name=\"bingbot\" content=\"index, follow, max-snippet:-1, max-image-preview:large, max-video-preview:-1\" \/>\n<link rel=\"canonical\" href=\"https:\/\/www.prodentitalia.eu\/espa\/privacy-policy\/\" \/>\n<meta property=\"og:locale\" content=\"es_ES\" \/>\n<meta property=\"og:type\" content=\"article\" \/>\n<meta property=\"og:title\" content=\"Pol\u00edtica de privacidad - \u00c1rea Pacientes Prodent Italia\" \/>\n<meta property=\"og:url\" content=\"https:\/\/www.prodentitalia.eu\/espa\/privacy-policy\/\" \/>\n<meta property=\"og:site_name\" content=\"\u00c1rea Pacientes Prodent Italia\" \/>\n<meta property=\"article:modified_time\" content=\"2020-01-19T17:05:38+00:00\" \/>\n<meta name=\"twitter:card\" content=\"summary\" \/>\n<meta name=\"twitter:creator\" content=\"@pr0en7erad475\" \/>\n<script type=\"application\/ld+json\" class=\"yoast-schema-graph\">{\"@context\":\"https:\/\/schema.org\",\"@graph\":[{\"@type\":\"WebSite\",\"@id\":\"https:\/\/www.prodentitalia.eu\/espa\/#website\",\"url\":\"https:\/\/www.prodentitalia.eu\/espa\/\",\"name\":\"\\u00c1rea Pacientes Prodent Italia\",\"description\":\"Prodent Italia l&#039;implantologia made in Italy\",\"potentialAction\":[{\"@type\":\"SearchAction\",\"target\":\"https:\/\/www.prodentitalia.eu\/espa\/?s={search_term_string}\",\"query-input\":\"required name=search_term_string\"}],\"inLanguage\":\"es\"},{\"@type\":\"WebPage\",\"@id\":\"https:\/\/www.prodentitalia.eu\/espa\/privacy-policy\/#webpage\",\"url\":\"https:\/\/www.prodentitalia.eu\/espa\/privacy-policy\/\",\"name\":\"Pol\\u00edtica de privacidad - \\u00c1rea Pacientes Prodent Italia\",\"isPartOf\":{\"@id\":\"https:\/\/www.prodentitalia.eu\/espa\/#website\"},\"datePublished\":\"2015-09-25T08:17:59+00:00\",\"dateModified\":\"2020-01-19T17:05:38+00:00\",\"inLanguage\":\"es\",\"potentialAction\":[{\"@type\":\"ReadAction\",\"target\":[\"https:\/\/www.prodentitalia.eu\/espa\/privacy-policy\/\"]}]}]}<\/script>\n<!-- \/ Yoast SEO plugin. -->","_links":{"self":[{"href":"https:\/\/www.prodentitalia.eu\/espa\/wp-json\/wp\/v2\/pages\/11732"}],"collection":[{"href":"https:\/\/www.prodentitalia.eu\/espa\/wp-json\/wp\/v2\/pages"}],"about":[{"href":"https:\/\/www.prodentitalia.eu\/espa\/wp-json\/wp\/v2\/types\/page"}],"author":[{"embeddable":true,"href":"https:\/\/www.prodentitalia.eu\/espa\/wp-json\/wp\/v2\/users\/1"}],"replies":[{"embeddable":true,"href":"https:\/\/www.prodentitalia.eu\/espa\/wp-json\/wp\/v2\/comments?post=11732"}],"version-history":[{"count":8,"href":"https:\/\/www.prodentitalia.eu\/espa\/wp-json\/wp\/v2\/pages\/11732\/revisions"}],"predecessor-version":[{"id":11821,"href":"https:\/\/www.prodentitalia.eu\/espa\/wp-json\/wp\/v2\/pages\/11732\/revisions\/11821"}],"wp:attachment":[{"href":"https:\/\/www.prodentitalia.eu\/espa\/wp-json\/wp\/v2\/media?parent=11732"}],"curies":[{"name":"wp","href":"https:\/\/api.w.org\/{rel}","templated":true}]}}