{"id":11442,"date":"2015-07-10T15:19:30","date_gmt":"2015-07-10T13:19:30","guid":{"rendered":"http:\/\/www.prodentitalia.eu\/it-pro\/?page_id=11442"},"modified":"2020-01-16T10:36:19","modified_gmt":"2020-01-16T09:36:19","slug":"prodent-dscan-3-plus","status":"publish","type":"page","link":"https:\/\/www.prodentitalia.eu\/frpro\/planet-prodent\/prodent-dscan-3-plus\/","title":{"rendered":"Prodent Dscan 3 Plus"},"content":{"rendered":"<div class=\"fusion-fullwidth fullwidth-box fusion-builder-row-1 hundred-percent-fullwidth non-hundred-percent-height-scrolling\"  style='background-color: rgba(255,255,255,0);background-position: center center;background-repeat: no-repeat;padding-top:0px;padding-right:0px;padding-bottom:0px;padding-left:0px;border-top-width:0px;border-bottom-width:0px;border-color:#eae9e9;border-top-style:solid;border-bottom-style:solid;'><div class=\"fusion-builder-row fusion-row \"><div  class=\"fusion-layout-column fusion_builder_column fusion_builder_column_1_1 fusion-builder-column-0 fusion-one-full fusion-column-first fusion-column-last 1_1\"  style='margin-top:0px;margin-bottom:20px;'><div class=\"fusion-column-wrapper\" style=\"background-position:left top;background-repeat:no-repeat;-webkit-background-size:cover;-moz-background-size:cover;-o-background-size:cover;background-size:cover;\"   data-bg-url=\"\"><span class=\"fusion-imageframe imageframe-none imageframe-1 hover-type-none\"><img src=\"https:\/\/www.prodentitalia.eu\/it-pro\/wp-content\/uploads\/sites\/25\/2015\/07\/planetprodent-3Dscan.png\"   alt=\"\" title=\"\" class=\"img-responsive\"\/><\/span><div class=\"fusion-text\"><p>Prodent Dscan3 Plus est un scanner \u00e0 deux axes \u00e0 haut rendement extr\u00eamement pr\u00e9cis, con\u00e7u sp\u00e9cifiquement pour le secteur dentaire. Il peut \u00eatre utilis\u00e9 en mode pr\u00e9d\u00e9fini ou totalement personnalisable dans les param\u00e8tres d&rsquo;acquisition. Il est fourni avec le logiciel de mod\u00e9lisation et de conception DentalCad d\u00e9j\u00e0 install\u00e9, et il est pr\u00eat \u00e0 l&rsquo;installation successive \u00e9ventuelle du logiciel Exocad.<\/p>\n<p>Prodent Dscan3 Plus est la derni\u00e8re g\u00e9n\u00e9ration de scanners dentaires \u00e0 lumi\u00e8re structur\u00e9e, dot\u00e9 de la technologie blue led qui permet un balayage plus rapide et pr\u00e9cis quelles que soient les conditions lumineuses, en capturant \u00e9galement des objets semi-r\u00e9fl\u00e9chissants, avec une r\u00e9solution jusqu&rsquo;\u00e0 3,2 m\u00e9gapixels. Le processus de balayage est totalement automatis\u00e9 et pr\u00e9voit une pr\u00e9cision allant jusqu&rsquo;\u00e0 15 microns. Prodent Dscan3 Plus offre une pr\u00e9cision maximale lors de l&rsquo;acquisition des plus petits d\u00e9tails, et fournit une reconstruction extr\u00eamement d\u00e9taill\u00e9e.<\/p>\n<p><a href=\"https:\/\/www.prodentitalia.eu\/frpro\/planet-prodent\/parametres-de-reglage\/\"><img loading=\"lazy\" class=\"alignleft wp-image-11973 size-full\" src=\"https:\/\/www.prodentitalia.eu\/frpro\/wp-content\/uploads\/sites\/25\/2015\/10\/planetprodent-set-fr.png\" alt=\"\" width=\"451\" height=\"41\" srcset=\"https:\/\/www.prodentitalia.eu\/frpro\/wp-content\/uploads\/sites\/25\/2015\/10\/planetprodent-set-fr-300x27.png 300w, https:\/\/www.prodentitalia.eu\/frpro\/wp-content\/uploads\/sites\/25\/2015\/10\/planetprodent-set-fr.png 451w\" sizes=\"(max-width: 451px) 100vw, 451px\" \/><\/a><\/p>\n<\/div><div class=\"fusion-sep-clear\"><\/div><div class=\"fusion-separator fusion-full-width-sep sep-none\" style=\"margin-left: auto;margin-right: auto;margin-top:;\"><\/div><div class=\"fusion-clearfix\"><\/div><\/div><\/div><\/div><\/div>\n","protected":false},"excerpt":{"rendered":"","protected":false},"author":1,"featured_media":0,"parent":11431,"menu_order":1,"comment_status":"open","ping_status":"closed","template":"side-navigation.php","meta":[],"yoast_head":"<!-- This site is optimized with the Yoast SEO plugin v14.7 - https:\/\/yoast.com\/wordpress\/plugins\/seo\/ -->\n<title>Prodent Dscan 3 Plus - Zone pour les professionnels Prodent Italia<\/title>\n<meta name=\"robots\" content=\"index, follow\" \/>\n<meta name=\"googlebot\" content=\"index, follow, max-snippet:-1, max-image-preview:large, max-video-preview:-1\" \/>\n<meta name=\"bingbot\" content=\"index, follow, max-snippet:-1, max-image-preview:large, max-video-preview:-1\" \/>\n<link rel=\"canonical\" href=\"https:\/\/www.prodentitalia.eu\/frpro\/planet-prodent\/prodent-dscan-3-plus\/\" \/>\n<meta property=\"og:locale\" content=\"fr_FR\" \/>\n<meta property=\"og:type\" content=\"article\" \/>\n<meta property=\"og:title\" content=\"Prodent Dscan 3 Plus - Zone pour les professionnels Prodent Italia\" \/>\n<meta property=\"og:url\" content=\"https:\/\/www.prodentitalia.eu\/frpro\/planet-prodent\/prodent-dscan-3-plus\/\" \/>\n<meta property=\"og:site_name\" content=\"Zone pour les professionnels Prodent Italia\" \/>\n<meta property=\"article:modified_time\" content=\"2020-01-16T09:36:19+00:00\" \/>\n<meta property=\"og:image\" content=\"https:\/\/www.prodentitalia.eu\/it-pro\/wp-content\/uploads\/sites\/25\/2015\/07\/planetprodent-3Dscan.png\" \/>\n<meta name=\"twitter:card\" content=\"summary\" \/>\n<meta name=\"twitter:creator\" content=\"@pr0en7erad475\" \/>\n<script type=\"application\/ld+json\" class=\"yoast-schema-graph\">{\"@context\":\"https:\/\/schema.org\",\"@graph\":[{\"@type\":\"WebSite\",\"@id\":\"https:\/\/www.prodentitalia.eu\/frpro\/#website\",\"url\":\"https:\/\/www.prodentitalia.eu\/frpro\/\",\"name\":\"Zone pour les professionnels Prodent Italia\",\"description\":\"Prodent Italia l&#039;implantologia made in Italy\",\"potentialAction\":[{\"@type\":\"SearchAction\",\"target\":\"https:\/\/www.prodentitalia.eu\/frpro\/?s={search_term_string}\",\"query-input\":\"required name=search_term_string\"}],\"inLanguage\":\"fr-FR\"},{\"@type\":\"ImageObject\",\"@id\":\"https:\/\/www.prodentitalia.eu\/frpro\/planet-prodent\/prodent-dscan-3-plus\/#primaryimage\",\"inLanguage\":\"fr-FR\",\"url\":\"https:\/\/www.prodentitalia.eu\/it-pro\/wp-content\/uploads\/sites\/25\/2015\/07\/planetprodent-3Dscan.png\"},{\"@type\":\"WebPage\",\"@id\":\"https:\/\/www.prodentitalia.eu\/frpro\/planet-prodent\/prodent-dscan-3-plus\/#webpage\",\"url\":\"https:\/\/www.prodentitalia.eu\/frpro\/planet-prodent\/prodent-dscan-3-plus\/\",\"name\":\"Prodent Dscan 3 Plus - Zone pour les professionnels Prodent Italia\",\"isPartOf\":{\"@id\":\"https:\/\/www.prodentitalia.eu\/frpro\/#website\"},\"primaryImageOfPage\":{\"@id\":\"https:\/\/www.prodentitalia.eu\/frpro\/planet-prodent\/prodent-dscan-3-plus\/#primaryimage\"},\"datePublished\":\"2015-07-10T13:19:30+00:00\",\"dateModified\":\"2020-01-16T09:36:19+00:00\",\"inLanguage\":\"fr-FR\",\"potentialAction\":[{\"@type\":\"ReadAction\",\"target\":[\"https:\/\/www.prodentitalia.eu\/frpro\/planet-prodent\/prodent-dscan-3-plus\/\"]}]}]}<\/script>\n<!-- \/ Yoast SEO plugin. -->","_links":{"self":[{"href":"https:\/\/www.prodentitalia.eu\/frpro\/wp-json\/wp\/v2\/pages\/11442"}],"collection":[{"href":"https:\/\/www.prodentitalia.eu\/frpro\/wp-json\/wp\/v2\/pages"}],"about":[{"href":"https:\/\/www.prodentitalia.eu\/frpro\/wp-json\/wp\/v2\/types\/page"}],"author":[{"embeddable":true,"href":"https:\/\/www.prodentitalia.eu\/frpro\/wp-json\/wp\/v2\/users\/1"}],"replies":[{"embeddable":true,"href":"https:\/\/www.prodentitalia.eu\/frpro\/wp-json\/wp\/v2\/comments?post=11442"}],"version-history":[{"count":10,"href":"https:\/\/www.prodentitalia.eu\/frpro\/wp-json\/wp\/v2\/pages\/11442\/revisions"}],"predecessor-version":[{"id":12300,"href":"https:\/\/www.prodentitalia.eu\/frpro\/wp-json\/wp\/v2\/pages\/11442\/revisions\/12300"}],"up":[{"embeddable":true,"href":"https:\/\/www.prodentitalia.eu\/frpro\/wp-json\/wp\/v2\/pages\/11431"}],"wp:attachment":[{"href":"https:\/\/www.prodentitalia.eu\/frpro\/wp-json\/wp\/v2\/media?parent=11442"}],"curies":[{"name":"wp","href":"https:\/\/api.w.org\/{rel}","templated":true}]}}