{"id":11821,"date":"2015-07-29T10:53:44","date_gmt":"2015-07-29T08:53:44","guid":{"rendered":"http:\/\/www.prodentitalia.eu\/it-pro\/?page_id=11821"},"modified":"2020-01-16T10:36:18","modified_gmt":"2020-01-16T09:36:18","slug":"cookie-policy","status":"publish","type":"page","link":"https:\/\/www.prodentitalia.eu\/frpro\/cookie-policy\/","title":{"rendered":"Information sur les cookies"},"content":{"rendered":"<div class=\"fusion-fullwidth fullwidth-box fusion-builder-row-1 nonhundred-percent-fullwidth non-hundred-percent-height-scrolling\"  style='background-color: rgba(255,255,255,0);background-position: left top;background-repeat: no-repeat;padding-top:20px;padding-bottom:20px;border-top-width:0px;border-bottom-width:0px;border-color:#eae9e9;border-top-style:solid;border-bottom-style:solid;'><div class=\"fusion-builder-row fusion-row \"><div  class=\"fusion-layout-column fusion_builder_column fusion_builder_column_1_1 fusion-builder-column-0 fusion-one-full fusion-column-first fusion-column-last 1_1\"  style='margin-top:0px;margin-bottom:20px;'><div class=\"fusion-column-wrapper\" style=\"background-position:left top;background-repeat:no-repeat;-webkit-background-size:cover;-moz-background-size:cover;-o-background-size:cover;background-size:cover;\"   data-bg-url=\"\"><div class=\"fusion-text\"><div class=\"fusion-one-full fusion-layout-column fusion-column-last fusion-spacing-yes\">\n<div class=\"fusion-column-wrapper\">\n<p><strong>INFORMATION SUR LES COOKIES de Prodent Italia Srl pour ce site Prodent Italia<\/strong><\/p>\n<p>Information r\u00e9dig\u00e9e en mati\u00e8re de cookies.<\/p>\n<p>Lorsqu\u2019il utilise le site, l\u2019utilisateur consent express\u00e9ment \u00e0 l\u2019utilisation des cookies. Il lui est cependant toujours possible de refuser son accord en d\u00e9sactivant l\u2019utilisation des cookies dans l\u2019\u00e9cran d\u00e9di\u00e9 de chaque navigateur (Firefox, Internet Explorer, Chrome, Safari, Opera, etc.).<\/p>\n<p><strong>Que sont les cookies ?<\/strong><br \/>\nLes cookies sont de petits fichiers texte que les sites visit\u00e9s par l\u2019utilisateur envoient sur son terminal (habituellement au navigateur). Utilis\u00e9s pour am\u00e9liorer les services d\u00e9livr\u00e9s par un site, les cookies sont utilis\u00e9s pour r\u00e9aliser par exemple des authentifications informatiques (enregistrer les donn\u00e9es d\u2019ouverture de session afin de ne pas devoir les ressaisir \u00e0 chaque acc\u00e8s), le contr\u00f4le des sessions et la m\u00e9morisation d\u2019informations sp\u00e9cifiques concernant les utilisateurs qui acc\u00e8dent au serveur et sont normalement pr\u00e9sents dans le navigateur de chaque utilisateur en tr\u00e8s grand nombre. Certaines op\u00e9rations ne pourraient pas \u00eatre r\u00e9alis\u00e9es sans l\u2019utilisation des cookies, qui sont donc dans certains cas techniquement n\u00e9cessaires.<\/p>\n<p>Les cookies sont class\u00e9s selon la dur\u00e9e et le site qui les a \u00e9tablis :<br \/>\n<strong>Cookies de session<\/strong> : ils s\u2019\u00e9liminent quand le navigateur est ferm\u00e9<br \/>\n<strong>Cookies persistants<\/strong> : ils s\u2019\u00e9liminent apr\u00e8s une dur\u00e9e d\u00e9termin\u00e9e<br \/>\n<strong>Cookies de partie principale<\/strong> : \u00e9tablis par les sites web (avec un domaine \u00e9gal \u00e0 celui indiqu\u00e9 dans la barre des adresses du navigateur), et ils peuvent \u00eatre lus seulement par ces sites. Ils sont commun\u00e9ment utilis\u00e9s pour archiver des informations telles que les pr\u00e9f\u00e9rences, \u00e0 utiliser lors des visites suivantes du site.<br \/>\n<strong>Cookies de tierces parties<\/strong> : au cours de la navigation sur un site, l\u2019utilisateur peut \u00e9galement recevoir sur son terminal des cookies de sites ou de serveurs web diff\u00e9rents ; cela survient parce que le site web visit\u00e9 peut contenir des \u00e9l\u00e9ments tels que, par exemple, des images, des cartes, des sons, des liens sp\u00e9cifiques vers des pages web d\u2019autres domaines qui r\u00e9sident sur des serveurs diff\u00e9rents de celui sur lequel se trouve la page demand\u00e9e.<\/p>\n<p>Deux macro-cat\u00e9gories sont distingu\u00e9es : <strong>cookies \u201ctechniques\u201d<\/strong> et <strong>cookies \u201cde profilage\u201d<\/strong>.<br \/>\nLes cookies techniques peuvent \u00eatre subdivis\u00e9s en cookies de navigation ou de session, qui garantissent la navigation et l\u2019usufruit normaux du site web (permettant, par exemple, de r\u00e9aliser un achat ou de s\u2019authentifier pour acc\u00e9der \u00e0 des zones r\u00e9serv\u00e9es) ; cookies analytiques, assimil\u00e9s aux cookies techniques s\u2019ils sont utilis\u00e9s directement par le gestionnaire du site pour recueillir des informations, de fa\u00e7on agr\u00e9g\u00e9e, sur le nombre d\u2019utilisateurs et sur la fa\u00e7on dont ils visitent le site ; cookies de fonctionnalit\u00e9, qui permettent \u00e0 l\u2019utilisateur de naviguer en fonction d\u2019une s\u00e9rie de crit\u00e8res s\u00e9lectionn\u00e9s (par exemple, la langue, les produits s\u00e9lectionn\u00e9s pour l\u2019acquisition) afin d\u2019am\u00e9liorer le service qui lui est rendu. Pour l\u2019installation de ces cookies, l\u2019accord pr\u00e9alable des utilisateurs n\u2019est pas n\u00e9cessaire, alors que l\u2019obligation de fournir l\u2019information persiste (aux sens de l\u2019art. 122 du code sur la vie priv\u00e9e et la disposition g\u00e9n\u00e9rale du garant de la protection des donn\u00e9es personnelles du 8 mai 2014).<\/p>\n<p>Les cookies de profilage sont destin\u00e9s \u00e0 cr\u00e9er des profils relatifs \u00e0 l\u2019utilisateur et sont utilis\u00e9s afin d\u2019envoyer des messages publicitaires selon les pr\u00e9f\u00e9rences qu\u2019il a indiqu\u00e9es dans le cadre de la navigation sur le r\u00e9seau. En raison de l\u2019invasivit\u00e9 particuli\u00e8re que ces dispositifs peuvent avoir dans le cadre de la sph\u00e8re priv\u00e9e des utilisateurs, la norme europ\u00e9enne et italienne pr\u00e9voit que l\u2019utilisateur doit \u00eatre d\u00fbment inform\u00e9 sur leur utilisation et exprimer ainsi son consentement valable.<\/p>\n<p>Les cookies techniques et les cookies de profilage sont distingu\u00e9s entre ceux install\u00e9s par le titulaire du site ou par des services de tierces parties que le site utilise (cookies de tierces parties).<\/p>\n<p><strong>Comment utilisons-nous les cookies ?<\/strong><br \/>\nCookies de parties principales (\u00e9tablis par le pr\u00e9sent site) :<br \/>\nCe site utilise des cookies techniques pour quelques proc\u00e9dures de navigation (par exemple l\u2019acc\u00e8s \u00e0 la zone pour les professionnels). Ces cookies ne contiennent aucune donn\u00e9e personnelle et durent la seule session en cours.<\/p>\n<p><strong>Cookies de tierces parties :<\/strong><\/p>\n<p>Sur certaines pages du site, Google Maps (\u00e9l\u00e9ment int\u00e9gr\u00e9) est utilis\u00e9. Google Maps est un service de visualisation de cartes g\u00e9r\u00e9 par Google Inc. qui permet \u00e0 cette application d\u2019int\u00e9grer ces contenus dans ses propres pages.<br \/>\nPour plus d\u2019informations sur l\u2019utilisation des donn\u00e9es et sur leur traitement de la part de Google, il est recommand\u00e9 de lire les informations \u00e0 l\u2019adresse internet suivante : http:\/\/www.google.com\/intl\/it\/policies\/privacy\/.<\/p>\n<p>Le site utilise Google Analytics avec une IP anonyme (Google Inc.). Google Analytics est un service d\u2019analyse web fourni par Google Inc. (\u201cGoogle\u201d). Google utilise les donn\u00e9es personnelles recueillies afin de tracer et d\u2019examiner l\u2019utilisation de ce site, r\u00e9diger un rapport et les partager avec les autres services d\u00e9velopp\u00e9s par Google. Google pourrait utiliser les donn\u00e9es personnelles pour contextualiser et personnaliser les annonces de son propre r\u00e9seau publicitaire. Cette int\u00e9gration de Google Analytics rend votre adresse IP anonyme. L\u2019anonymisation fonctionne en abr\u00e9geant l\u2019adresse IP des utilisateurs dans les limites des \u00e9tats membres de l\u2019Union europ\u00e9enne ou dans d\u2019autres pays adh\u00e9rant \u00e0 l\u2019accord sur l\u2019espace \u00e9conomique europ\u00e9en. Dans des cas exceptionnels seulement, l\u2019adresse IP sera envoy\u00e9e aux serveurs de Google et abr\u00e9g\u00e9e au sein des \u00c9tats-Unis.<br \/>\nPour plus d\u2019informations sur l\u2019utilisation des donn\u00e9es et sur leur traitement de la part de Google, il est conseill\u00e9 de lire les informations \u00e0 l\u2019adresse internet suivante : http:\/\/www.google.com\/intl\/it\/policies\/privacy\/.<br \/>\nPour d\u00e9sactiver Google Analytics (OPT-OUT), visitez la page \u00e0 l\u2019adresse internet suivante : https:\/\/tools.google.com\/dlpage\/gaoptout?hl=it<\/p>\n<p>Si un cookie de tierces parties est d\u00e9tect\u00e9 sur le site web (cela vaut surtout dans les cas o\u00f9 la page web contient les soi-disant \u00e9l\u00e9ments int\u00e9gr\u00e9s : textes, documents, images ou films brefs archiv\u00e9s ailleurs, mais visualis\u00e9s dans ou au travers de notre site web) vous pouvez contacter directement les tierces parties concern\u00e9es et demander des informations sur les cookies qu\u2019elles envoient.<\/p>\n<p><strong>Comment contr\u00f4ler, d\u00e9sactiver et effacer les cookies<\/strong><br \/>\nLe pr\u00e9sent site n\u2019utilise pas de cookies des parties principales pour recueillir des donn\u00e9es personnelles. Dans tous les cas, il est possible de limiter ou de bloquer les cookies rencontr\u00e9s lors de la navigation dans le pr\u00e9sent site \u00e0 travers un r\u00e9glage dans l\u2019\u00e9cran d\u00e9di\u00e9 du navigateur.<\/p>\n<p>Les cookies sont des fichiers texte normaux. Il est donc possible d\u2019y acc\u00e9der en utilisant la majeure partie des \u00e9diteurs de texte ou des programmes de traitement de texte. Pour les ouvrir, il suffit de cliquer dessus. Pour obtenir des informations sur la fa\u00e7on d\u2019ex\u00e9cuter ce contr\u00f4le, r\u00e9f\u00e9rez-vous aux informations sur les cookies fournies par le navigateur. Si vous utilisez un t\u00e9l\u00e9phone cellulaire, un Smartphone ou une tablette, consultez le manuel correspondant.<\/p>\n<p>Dans chaque navigateur, les op\u00e9rations de limitation ou de blocage des cookies sont param\u00e9tr\u00e9es en suivant une proc\u00e9dure diff\u00e9rente. Pour d\u00e9finir les r\u00e9glages corrects, utilisez la fonction de guide du navigateur. Pour limiter ou d\u00e9sactiver les cookies sur un t\u00e9l\u00e9phone cellulaire, un Smartphone ou une tablette, consultez le manuel correspondant pour obtenir plus d\u2019informations.<\/p>\n<p>L\u2019utilisateur peut trouver des informations sur la gestion des cookies dans son navigateur aux adresses suivantes :<\/p>\n<p>\u00b7<a href=\"https:\/\/support.google.com\/chrome\/answer\/95647?hl=fr&amp;p=cpn_cookies\" target=\"_blank\" rel=\"noopener noreferrer\"> Google Chrome<\/a><\/p>\n<p>\u00b7 <a href=\"https:\/\/support.mozilla.org\/fr\/kb\/activer-desactiver-cookies\" target=\"_blank\" rel=\"noopener noreferrer\">Mozilla Firefox<\/a><\/p>\n<p>\u00b7 <a href=\"https:\/\/support.apple.com\/kb\/PH21411?locale=en_US\" target=\"_blank\" rel=\"noopener noreferrer\">Apple Safari<\/a><\/p>\n<p>\u00b7 <a href=\"http:\/\/windows.microsoft.com\/fr-fr\/windows-vista\/block-or-allow-cookies\" target=\"_blank\" rel=\"noopener noreferrer\">Microsoft Windows Explorer<\/a><\/p>\n<p>\u00b7 <a href=\"http:\/\/help.opera.com\/Windows\/10.20\/fr\/cookies.html\" target=\"_blank\" rel=\"noopener noreferrer\">Opera<\/a><\/p>\n<p>Des informations plus d\u00e9taill\u00e9es relatives aux cookies sur Internet sont disponibles \u00e0 l\u2019adresse<a href=\"http:\/\/http%20:\/\/www.aboutcookies.org\/\" target=\"_blank\" rel=\"noopener noreferrer\"> http :\/\/www.aboutcookies.org\/<\/a><br \/>\nNous vous informons que la limitation ou la d\u00e9sactivation des cookies pourraient ne pas assurer un fonctionnement correct du site web.<\/p>\n<p>En raison de modifications \u00e9ventuelles de notre site web ou des normes concernant les cookies, il est possible que ces informations soient modifi\u00e9es p\u00e9riodiquement. Nous sommes donc autoris\u00e9s \u00e0 modifier \u00e0 tout moment et sans pr\u00e9avis les contenus des informations et les cookies indiqu\u00e9s dans la liste. La toute derni\u00e8re version peut \u00eatre consult\u00e9e sur cette page web.<\/p>\n<\/div>\n<\/div>\n<\/div><div class=\"fusion-clearfix\"><\/div><\/div><\/div><\/div><\/div>\n","protected":false},"excerpt":{"rendered":"","protected":false},"author":1,"featured_media":0,"parent":0,"menu_order":0,"comment_status":"open","ping_status":"open","template":"100-width.php","meta":[],"yoast_head":"<!-- This site is optimized with the Yoast SEO plugin v14.7 - https:\/\/yoast.com\/wordpress\/plugins\/seo\/ -->\n<title>Information sur les cookies - Zone pour les professionnels Prodent Italia<\/title>\n<meta name=\"robots\" content=\"index, follow\" \/>\n<meta name=\"googlebot\" content=\"index, follow, max-snippet:-1, max-image-preview:large, max-video-preview:-1\" \/>\n<meta name=\"bingbot\" content=\"index, follow, max-snippet:-1, max-image-preview:large, max-video-preview:-1\" \/>\n<link rel=\"canonical\" href=\"https:\/\/www.prodentitalia.eu\/frpro\/cookie-policy\/\" \/>\n<meta property=\"og:locale\" content=\"fr_FR\" \/>\n<meta property=\"og:type\" content=\"article\" \/>\n<meta property=\"og:title\" content=\"Information sur les cookies - Zone pour les professionnels Prodent Italia\" \/>\n<meta property=\"og:url\" content=\"https:\/\/www.prodentitalia.eu\/frpro\/cookie-policy\/\" \/>\n<meta property=\"og:site_name\" content=\"Zone pour les professionnels Prodent Italia\" \/>\n<meta property=\"article:modified_time\" content=\"2020-01-16T09:36:18+00:00\" \/>\n<meta name=\"twitter:card\" content=\"summary\" \/>\n<meta name=\"twitter:creator\" content=\"@pr0en7erad475\" \/>\n<script type=\"application\/ld+json\" class=\"yoast-schema-graph\">{\"@context\":\"https:\/\/schema.org\",\"@graph\":[{\"@type\":\"WebSite\",\"@id\":\"https:\/\/www.prodentitalia.eu\/frpro\/#website\",\"url\":\"https:\/\/www.prodentitalia.eu\/frpro\/\",\"name\":\"Zone pour les professionnels Prodent Italia\",\"description\":\"Prodent Italia l&#039;implantologia made in Italy\",\"potentialAction\":[{\"@type\":\"SearchAction\",\"target\":\"https:\/\/www.prodentitalia.eu\/frpro\/?s={search_term_string}\",\"query-input\":\"required name=search_term_string\"}],\"inLanguage\":\"fr-FR\"},{\"@type\":\"WebPage\",\"@id\":\"https:\/\/www.prodentitalia.eu\/frpro\/cookie-policy\/#webpage\",\"url\":\"https:\/\/www.prodentitalia.eu\/frpro\/cookie-policy\/\",\"name\":\"Information sur les cookies - Zone pour les professionnels Prodent Italia\",\"isPartOf\":{\"@id\":\"https:\/\/www.prodentitalia.eu\/frpro\/#website\"},\"datePublished\":\"2015-07-29T08:53:44+00:00\",\"dateModified\":\"2020-01-16T09:36:18+00:00\",\"inLanguage\":\"fr-FR\",\"potentialAction\":[{\"@type\":\"ReadAction\",\"target\":[\"https:\/\/www.prodentitalia.eu\/frpro\/cookie-policy\/\"]}]}]}<\/script>\n<!-- \/ Yoast SEO plugin. -->","_links":{"self":[{"href":"https:\/\/www.prodentitalia.eu\/frpro\/wp-json\/wp\/v2\/pages\/11821"}],"collection":[{"href":"https:\/\/www.prodentitalia.eu\/frpro\/wp-json\/wp\/v2\/pages"}],"about":[{"href":"https:\/\/www.prodentitalia.eu\/frpro\/wp-json\/wp\/v2\/types\/page"}],"author":[{"embeddable":true,"href":"https:\/\/www.prodentitalia.eu\/frpro\/wp-json\/wp\/v2\/users\/1"}],"replies":[{"embeddable":true,"href":"https:\/\/www.prodentitalia.eu\/frpro\/wp-json\/wp\/v2\/comments?post=11821"}],"version-history":[{"count":8,"href":"https:\/\/www.prodentitalia.eu\/frpro\/wp-json\/wp\/v2\/pages\/11821\/revisions"}],"predecessor-version":[{"id":12292,"href":"https:\/\/www.prodentitalia.eu\/frpro\/wp-json\/wp\/v2\/pages\/11821\/revisions\/12292"}],"wp:attachment":[{"href":"https:\/\/www.prodentitalia.eu\/frpro\/wp-json\/wp\/v2\/media?parent=11821"}],"curies":[{"name":"wp","href":"https:\/\/api.w.org\/{rel}","templated":true}]}}