{"id":11821,"date":"2015-07-29T10:53:44","date_gmt":"2015-07-29T08:53:44","guid":{"rendered":"http:\/\/www.prodentitalia.eu\/it-pro\/?page_id=11821"},"modified":"2022-06-10T11:39:03","modified_gmt":"2022-06-10T09:39:03","slug":"cookie-policy","status":"publish","type":"page","link":"https:\/\/www.prodentitalia.eu\/itpro\/cookie-policy\/","title":{"rendered":"Cookie Policy"},"content":{"rendered":"<div class=\"fusion-fullwidth fullwidth-box fusion-builder-row-1 nonhundred-percent-fullwidth non-hundred-percent-height-scrolling\"  style='background-color: rgba(255,255,255,0);background-position: left top;background-repeat: no-repeat;padding-top:20px;padding-bottom:20px;border-top-width:0px;border-bottom-width:0px;border-color:#eae9e9;border-top-style:solid;border-bottom-style:solid;'><div class=\"fusion-builder-row fusion-row \"><div  class=\"fusion-layout-column fusion_builder_column fusion_builder_column_1_1 fusion-builder-column-0 fusion-one-full fusion-column-first fusion-column-last 1_1\"  style='margin-top:0px;margin-bottom:20px;'><div class=\"fusion-column-wrapper\" style=\"padding: 0px 0px 0px 0px;background-position:left top;background-repeat:no-repeat;-webkit-background-size:cover;-moz-background-size:cover;-o-background-size:cover;background-size:cover;\"   data-bg-url=\"\"><div class=\"fusion-text\"><div class=\"fusion-one-full fusion-layout-column fusion-column-last fusion-spacing-yes\">\n<div class=\"fusion-column-wrapper\">\n<p><strong>Cookie Policy<\/strong><\/p>\n<p>Gentile Interessato,<\/p>\n<p>di seguito le forniamo alcune informazioni che \u00e8 necessario portare alla sua conoscenza, non solo per ottemperare agli obblighi di legge, ma anche perch\u00e9 la trasparenza e la correttezza nei confronti degli interessati \u00e8 parte fondante della nostra attivit\u00e0.<\/p>\n<table>\n<tbody>\n<tr>\n<td colspan=\"2\"><\/td>\n<\/tr>\n<tr>\n<td colspan=\"2\">Il Titolare del Trattamento dei suoi dati personali \u00e8\u00a0<strong>Prodent Italia Srl,<\/strong>\u00a0responsabile nei suoi confronti del legittimo e corretto uso dei suoi dati personali e che potr\u00e0 contattare per qualsiasi informazione o richiesta ai seguenti recapiti:<\/td>\n<\/tr>\n<tr>\n<td colspan=\"2\">Titolare del Trattamento:\u00a0<strong>Prodent Italia Srl<\/strong><\/p>\n<p>Sede:\u00a0<strong>Via Pitagora, 9 \u2013 20016 Pero (Mi)-Italia<\/strong><\/p>\n<p>Contatti e recapiti:<\/td>\n<\/tr>\n<tr>\n<td>Telefono<\/td>\n<td>+39 02 3535227<\/td>\n<\/tr>\n<tr>\n<td>E-mail<\/td>\n<td><strong>privacy@prodentitalia.eu<\/strong><\/td>\n<\/tr>\n<tr>\n<td>Sito Web<\/td>\n<td>www.prodentitalia.eu<\/td>\n<\/tr>\n<\/tbody>\n<\/table>\n<p>Il Titolare del trattamento garantisce la sicurezza, la riservatezza e la protezione dei dati di cui \u00e8 in possesso, in qualsiasi fase del processo di trattamento degli stessi. I dati raccolti vengono utilizzati nel rispetto della normativa vigente in materia di privacy (GDPR 679\/2016). I dati personali possono essere portati a conoscenza degli autorizzati al trattamento e possono essere comunicati a collaboratori e\/o ad altri soggetti rispetto ai quali la comunicazione \u00e8 necessaria per l\u2019erogazione dei servizi, per supporto tecnico dei servizi informatici\/telematici e conservazione server. I dati forniti dall\u2019utente potranno essere comunicati ai soggetti per i quali sussista un obbligo di comunicazione ai sensi di legge o una necessit\u00e0 di comunicazione per far valere un giusto diritto della titolare presso gli organi preposti.<\/p>\n<p><strong>FINALIT\u00c0 DEL TRATTAMENTO<\/strong><\/p>\n<p>I sistemi informatici e le procedure software che regolano il funzionamento di questo sito acquisiscono i dati di navigazione.<\/p>\n<ul>\n<li>indirizzi IP o nomi a dominio dei computer utilizzati dagli utenti che si connettono al sito;<\/li>\n<li>orario della richiesta;<\/li>\n<li>metodo utilizzato nel sottoporre la richiesta al server;<\/li>\n<li>codice numerico indicante lo stato della risposta data dal server (buon fine, errore, ecc.);<\/li>\n<li>altri parametri relativi al sistema operativo e al browser utilizzati dall\u2019utente.<\/li>\n<\/ul>\n<p>I dati che gli utenti forniscono volontariamente attraverso questo sito mediante chiamate, email, form, chat e navigazione sul sito, vengono trattati allo scopo di permettere l\u2019accesso a prodotti, servizi e contenuti, nonch\u00e9 di eseguire il servizio o la prestazione richiesta. Relativamente ad alcuni servizi specifici, e previo consenso informato dell\u2019interessato, il Titolare del trattamento pu\u00f2 utilizzare tali dati anche per la realizzazione di attivit\u00e0 di vendita o di collocamento di prodotti e servizi e per elaborare studi e ricerche di mercato. In ogni caso, i dati acquisiti potrebbero venire utilizzati per accertare responsabilit\u00e0 relative a ipotetici reati anche informatici ai danni del sito.<\/p>\n<p><strong>INFORMAZIONI PERSONALI CHE RACCOGLIAMO<\/strong><\/p>\n<p>In ogni occasione di contatto o interazione con il visitatore potrebbero venire raccolte alcune informazioni personali quali:<\/p>\n<ul>\n<li>Nome;<\/li>\n<li>Cognome;<\/li>\n<li>Telefono;<\/li>\n<li>Email;<\/li>\n<li>Messaggio;<\/li>\n<li>Ogni altro dato che ci viene eventualmente fornito volontariamente dall\u2019utente.<\/li>\n<\/ul>\n<p>A parte quanto specificato in seguito per quanto riguarda i dati di navigazione, l\u2019utente \u00e8 libero di fornire i propri dati personali, mentre il loro mancato conferimento pu\u00f2 causare unicamente l\u2019impossibilit\u00e0 di ottenere quanto richiesto.<\/p>\n<p><strong>INFORMAZIONI CHE RACCOGLIAMO DA TERZE PARTI<\/strong><\/p>\n<p>Durante la navigazione raccogliamo informazioni standard sull\u2019accesso e dettagli del modello di comportamento degli utenti. Tali dati vengono utilizzati, ad esempio, per ottenere informazioni sul numero di visitatori che navigano le diverse sezioni del sito e, previa raccolta del consenso da parte dell\u2019interessato, per le attivit\u00e0 di marketing e profilazione dell\u2019utente<\/p>\n<p><strong>TEMPI DI CONSERVAZIONE<\/strong><\/p>\n<p>Nel rispetto dei principi di proporzionalit\u00e0 e necessit\u00e0, nessun dato verr\u00e0 conservato per periodi pi\u00f9 lunghi rispetto a quelli necessari alla realizzazione delle finalit\u00e0 sopra indicate e, quindi, al servizio offerto o alle specifiche norme di legge.<\/p>\n<p>I dati che vengono raccolti attraverso i cookies, di cui alla specifica informativa che segue, verranno conservati a seconda della loro natura: i cookies di sessione scadranno quando l\u2019utente chiuder\u00e0 il browser, i cookies persistenti hanno date di scadenza tipiche<\/p>\n<p>L\u2019utente, comunque, potr\u00e0 in ogni momento chiedere l\u2019interruzione del trattamento o la cancellazione e\/o la limitazione dei dati.<\/p>\n<p><strong>TRASFERIMENTO DATI EXTRA UE<\/strong><\/p>\n<p>Il trattamento dei dati personali (es. memorizzazione, archiviazione e conservazione dei dati sui propri server o in cloud) saranno circoscritti negli ambiti di circolazione e di trattamento dei dati personali\u00a0\u00a0dei Paesi facenti parte dell\u2019Unione Europea, con espresso divieto di trasferirli in paesi extra UE che non garantiscano (o in assenza di) un livello adeguato di tutela, ovvero, in assenza di strumenti di tutela previsti dal Regolamento UE 2016\/679 (Paese terzo giudicato adeguato dalla Commissione Europea, BCR di gruppo, clausole contrattuali modello, consenso degli interessati, ecc.)<\/p>\n<p><strong>MODIFICHE A QUESTA POLICY<\/strong><\/p>\n<p>Il Titolare del Trattamento si riserva il diritto di apportare modifiche alla presente policy in qualsiasi momento, dandone notizia agli Utenti su questa pagina. I visitatori sono quindi invitati a consultare spesso questa pagina, tenendo come riferimento la data dell\u2019ultima modifica indicata in fondo. In caso di mancata accettazione delle modifiche apportate alla presente policy, l\u2019Utente \u00e8 tenuto ad interrompere immediatamente l\u2019utilizzo di questo sito e pu\u00f2 richiedere al Titolare del Trattamento di rimuovere i propri Dati Personali.<\/p>\n<p>Salvo quanto diversamente specificato.<\/p>\n<p><strong>MINORI DI ANNI 14<\/strong><\/p>\n<p>Il nostro sito web \u00e8 rivolto ad un pubblico generalista e non offre alcun servizio dedicato a bambini. Se venissimo a conoscenza di dati personali di un minore di anni 14, da lui forniti senza l\u2019autorizzazione dei genitori o di eventuale tutore, provvederemmo ad eliminare tali informazioni immediatamente.<\/p>\n<p><strong>DIFESA IN GIUDIZIO<\/strong><\/p>\n<p>I Dati Personali dell\u2019utente potrebbero venire utilizzati per la difesa in giudizio da parte del Titolare o nelle fasi propedeutiche alla sua eventuale instaurazione, da abusi nell\u2019utilizzo della stessa o dei servizi connessi da parte dell\u2019Utente; a seguito di citazione in giudizio, ordinanza giudiziaria o altra iniziativa legale; al fine di stabilire o esercitare i diritti riconosciuti dalla legge al Titolare; per tutelare nell\u2019eventualit\u00e0 di azione legale ai danni del Titolare o per altra finalit\u00e0 dettata dalla legge.<\/p>\n<p>L\u2019Utente dichiara di essere a conoscenza che potrebbe essere richiesto al Titolare di rivelare i Dati Personali, da parte delle pubbliche autorit\u00e0.<\/p>\n<p>ultimo aggiornamento 24\/03\/2022<\/p>\n<p><strong>COOKIE<\/strong>\u00a0<strong>POLICY<\/strong><\/p>\n<p>I web cookies possono essere definiti come stringhe di testo di piccole dimensioni che i siti visitati dall\u2019utente inviano al suo terminale (tipicamente al browser), dove vengono memorizzati per essere poi ritrasmessi agli stessi siti alla successiva visita del medesimo utente. Il titolare del trattamento dei dati personali di questo sito dichiara che lo stesso utilizza cookies e\/o altri strumenti informatici analoghi al fine di permettere ed ottimizzare la visualizzazione delle pagine web e degli elementi in esse contenuti, per finalit\u00e0 di marketing e\/o profilazione nonch\u00e9 per elaborare statistiche anonime sui visitatori e proteggere il sito da attivit\u00e0 malevole e spam.<\/p>\n<p>Le informazioni raccolte con questi strumenti potranno riguardare, a titolo esemplificativo:<\/p>\n<ol>\n<li>a) il tipo di browser utilizzato (ad esempio, Internet Explorer, Google Chrome; Firefox, ecc.);<\/li>\n<li>b) il nome del sito dal quale l\u2019utente accede ad internet;<\/li>\n<li>c) il sito web da cui l\u2019utente ha raggiunto il sito;<\/li>\n<li>d) la data, l\u2019ora e la zona dell\u2019accesso;<\/li>\n<li>e) le pagine che sono state visitate.<\/li>\n<\/ol>\n<p>Si garantisce che il presente sito web NON utilizza cookies propri a scopo di profilazione, pubblicit\u00e0 o geo-localizzazione oppure altri simili strumenti informatici aventi scopo di acquisire dati dell\u2019utente a meri fini pubblicitari.<\/p>\n<p>In ogni caso, l\u2019utente potr\u00e0 definire diverse opzioni relative ai cookies, modificando le opzioni di navigazione del proprio browser, rispettando modalit\u00e0 e limiti concessi dallo stesso.<\/p>\n<p>La modifica dei parametri del browser potr\u00e0 essere effettuata normalmente selezionando la voce:<\/p>\n<p>\u201cOpzioni Internet\u201d o \u201cPreferenze\u201d dal men\u00f9 \u201cStrumenti\u201d o \u201cVisualizza\u201d o \u201cModifica\u201d e, successivamente, selezionando la dicitura: \u201cPrivacy\u201d o \u201cProtezione\u201d o \u201cScaricamento Files\u201d, ed, in seguito, scegliendo le impostazioni preferite. Considerata la molteplicit\u00e0 di browser attualmente in uso sar\u00e0 senz\u2019altro opportuno fare riferimento alle istruzioni caratteristiche ed ai manuali specifici di ogni programma per la navigazione in rete.<\/p>\n<p>Questo sito si avvale di cookies volti a raccogliere dati di navigazione dell\u2019utente (cookie analytics) con l\u2019utilizzo di Google Analytics avendo cura di attuare procedure e configurazioni in grado ridurre il potere identificativo; inoltre, allo scopo di offrire all\u2019utente una migliore esperienza di navigazione, potrebbero venire installati sul computer dell\u2019utente ulteriori strumenti informatici (esclusivamente ad opera di terze parti) anche a fini di profilazione, pubblicitari o di geo-localizzazione, riconducibili ai seguenti soggetti terzi:<\/p>\n<table>\n<tbody>\n<tr>\n<td><strong>Cookie<\/strong><\/td>\n<td><strong>\u00a0\u00a0\u00a0\u00a0\u00a0\u00a0\u00a0\u00a0\u00a0\u00a0\u00a0\u00a0\u00a0\u00a0 \u00a0\u00a0\u00a0\u00a0\u00a0\u00a0\u00a0\u00a0\u00a0\u00a0\u00a0\u00a0\u00a0\u00a0\u00a0\u00a0\u00a0\u00a0\u00a0\u00a0\u00a0\u00a0\u00a0\u00a0\u00a0\u00a0\u00a0\u00a0\u00a0\u00a0\u00a0Dominio<\/strong><\/td>\n<td><strong>\u00a0\u00a0\u00a0\u00a0\u00a0\u00a0\u00a0\u00a0\u00a0\u00a0\u00a0\u00a0\u00a0\u00a0 Tipologia<\/strong><\/td>\n<td><strong>\u00a0\u00a0\u00a0\u00a0\u00a0\u00a0\u00a0\u00a0\u00a0\u00a0\u00a0\u00a0 Descrizione<\/strong><\/td>\n<td><strong>\u00a0\u00a0\u00a0\u00a0\u00a0\u00a0\u00a0\u00a0\u00a0\u00a0\u00a0\u00a0\u00a0\u00a0\u00a0\u00a0\u00a0\u00a0\u00a0\u00a0\u00a0\u00a0\u00a0\u00a0\u00a0\u00a0\u00a0\u00a0\u00a0\u00a0\u00a0\u00a0\u00a0\u00a0\u00a0\u00a0\u00a0\u00a0\u00a0\u00a0\u00a0\u00a0\u00a0\u00a0\u00a0\u00a0\u00a0\u00a0\u00a0\u00a0\u00a0\u00a0\u00a0 Durata<\/strong><\/td>\n<\/tr>\n<\/tbody>\n<\/table>\n<table>\n<tbody>\n<tr>\n<td>_ga<\/td>\n<td>. prodentitalia.eu<\/td>\n<td>Analitica<\/td>\n<td>Il cookie _ga, installato da Google Analytics, calcola i dati di visitatori, sessioni e campagne e tiene traccia anche dell\u2019utilizzo del sito per il rapporto analitico del sito. Il cookie memorizza le informazioni in modo anonimo e assegna un numero generato casualmente per riconoscere i visitatori unici.<\/td>\n<td>2 anni<\/td>\n<\/tr>\n<tr>\n<td>_gid<\/td>\n<td>. prodentitalia.eu<\/td>\n<td>Analitica<\/td>\n<td>Installato da Google Analytics, _gid cookie memorizza informazioni su come i visitatori utilizzano un sito web, creando anche un rapporto analitico sulle prestazioni del sito web. Alcuni dei dati raccolti includono il numero di visitatori, la loro fonte e le pagine che visitano in modo anonimo.<\/td>\n<td>1 giorno<\/td>\n<\/tr>\n<tr>\n<td>_fbp<\/td>\n<td>. prodentitalia.eu<\/td>\n<td>Pubblicitario<\/td>\n<td>Questo cookie \u00e8 impostato da Facebook per visualizzare annunci pubblicitari su Facebook o su una piattaforma digitale alimentata dalla pubblicit\u00e0 di Facebook, dopo aver visitato il sito web.<\/td>\n<td>3 mesi<\/td>\n<\/tr>\n<tr>\n<td>_gat_UA-47097909-1<\/td>\n<td>. prodentitalia.eu<\/td>\n<td>Analitica<\/td>\n<td>Una variante del cookie _gat impostata da Google Analytics e Google Tag Manager per consentire ai proprietari di siti web di monitorare il comportamento dei visitatori e misurare le prestazioni del sito. L\u2019elemento pattern nel nome contiene il numero identificativo unico dell\u2019account o del sito web a cui si riferisce.<\/td>\n<td>1 minuto<\/td>\n<\/tr>\n<tr>\n<td>_hjFirstSeen<\/td>\n<td>. prodentitalia.eu<\/td>\n<td>Analitica<\/td>\n<td>Hotjar imposta questo cookie per identificare la prima sessione di un nuovo utente. Memorizza un valore vero\/falso, indicando se \u00e8 la prima volta che Hotjar vede questo utente.<\/td>\n<td>30 minuti<\/td>\n<\/tr>\n<tr>\n<td>_hjIncludedInPageviewSample<\/td>\n<td>www.prodentitalia.eu<\/td>\n<td>Analitica<\/td>\n<td>Hotjar imposta questo cookie per sapere se un utente \u00e8 incluso nel campionamento di dati definito dal limite di pageview del sito.<\/td>\n<td>2 minutes<\/td>\n<\/tr>\n<tr>\n<td>_GRECAPTCHA<\/td>\n<td>www.google.com<\/td>\n<td>Necessario<\/td>\n<td>Questo cookie \u00e8 impostato dal servizio Google recaptcha per identificare i bot per proteggere il sito web da attacchi spam malevoli.<\/td>\n<td>187 GIORNI<\/td>\n<\/tr>\n<tr>\n<td>_hjAbsoluteSessionInProgress<\/td>\n<td>. prodentitalia.eu<\/td>\n<td>Analitica<\/td>\n<td>Hotjar imposta questo cookie per rilevare la prima sessione di pageview di un utente. Si tratta di un flag Vero\/Falso impostato dal cookie.<\/td>\n<td>30 minuti<\/td>\n<\/tr>\n<tr>\n<td>fr<\/td>\n<td>. facebook.com<\/td>\n<td>Pubblicitario<\/td>\n<td>Facebook imposta questo cookie per mostrare pubblicit\u00e0 pertinenti agli utenti tracciando il comportamento degli utenti sul web, sui siti che hanno Facebook pixel o Facebook social plugin.<\/td>\n<td>3 mesi<\/td>\n<\/tr>\n<\/tbody>\n<\/table>\n<p>Con riferimento alla specifica funzione, all\u2019informativa ed al consenso relativi ai cookies installati dai sopradetti soggetti terzi, invitiamo l\u2019utente a visitare il sito:\u00a0<a href=\"http:\/\/www.youronlinechoices.com\/it\">http:\/\/www.youronlinechoices.com\/it\u00a0<\/a><\/p>\n<p>Attenzione: modificando i parametri relativi alla privacy e\/o alla visualizzazione dei cookies potrebbero verificarsi limitazioni nella visualizzazione o nelle funzioni offerte da questo sito!<\/p>\n<\/div>\n<\/div>\n<\/div><div class=\"fusion-clearfix\"><\/div><\/div><\/div><\/div><\/div>\n","protected":false},"excerpt":{"rendered":"","protected":false},"author":1,"featured_media":0,"parent":0,"menu_order":0,"comment_status":"open","ping_status":"closed","template":"100-width.php","meta":[],"yoast_head":"<!-- This site is optimized with the Yoast SEO plugin v14.7 - https:\/\/yoast.com\/wordpress\/plugins\/seo\/ -->\n<title>Cookie Policy - Area Professionisti Prodent<\/title>\n<meta name=\"robots\" content=\"index, follow\" \/>\n<meta name=\"googlebot\" content=\"index, follow, max-snippet:-1, max-image-preview:large, max-video-preview:-1\" \/>\n<meta name=\"bingbot\" content=\"index, follow, max-snippet:-1, max-image-preview:large, max-video-preview:-1\" \/>\n<link rel=\"canonical\" href=\"https:\/\/www.prodentitalia.eu\/itpro\/cookie-policy\/\" \/>\n<meta property=\"og:locale\" content=\"it_IT\" \/>\n<meta property=\"og:type\" content=\"article\" \/>\n<meta property=\"og:title\" content=\"Cookie Policy - Area Professionisti Prodent\" \/>\n<meta property=\"og:url\" content=\"https:\/\/www.prodentitalia.eu\/itpro\/cookie-policy\/\" \/>\n<meta property=\"og:site_name\" content=\"Area Professionisti Prodent\" \/>\n<meta property=\"article:modified_time\" content=\"2022-06-10T09:39:03+00:00\" \/>\n<meta name=\"twitter:card\" content=\"summary\" \/>\n<meta name=\"twitter:creator\" content=\"@pr0en7erad475\" \/>\n<script type=\"application\/ld+json\" class=\"yoast-schema-graph\">{\"@context\":\"https:\/\/schema.org\",\"@graph\":[{\"@type\":\"WebSite\",\"@id\":\"https:\/\/www.prodentitalia.eu\/itpro\/#website\",\"url\":\"https:\/\/www.prodentitalia.eu\/itpro\/\",\"name\":\"Area Professionisti Prodent\",\"description\":\"Prodent Italia l&#039;implantologia made in Italy\",\"potentialAction\":[{\"@type\":\"SearchAction\",\"target\":\"https:\/\/www.prodentitalia.eu\/itpro\/?s={search_term_string}\",\"query-input\":\"required name=search_term_string\"}],\"inLanguage\":\"it-IT\"},{\"@type\":\"WebPage\",\"@id\":\"https:\/\/www.prodentitalia.eu\/itpro\/cookie-policy\/#webpage\",\"url\":\"https:\/\/www.prodentitalia.eu\/itpro\/cookie-policy\/\",\"name\":\"Cookie Policy - Area Professionisti Prodent\",\"isPartOf\":{\"@id\":\"https:\/\/www.prodentitalia.eu\/itpro\/#website\"},\"datePublished\":\"2015-07-29T08:53:44+00:00\",\"dateModified\":\"2022-06-10T09:39:03+00:00\",\"inLanguage\":\"it-IT\",\"potentialAction\":[{\"@type\":\"ReadAction\",\"target\":[\"https:\/\/www.prodentitalia.eu\/itpro\/cookie-policy\/\"]}]}]}<\/script>\n<!-- \/ Yoast SEO plugin. -->","_links":{"self":[{"href":"https:\/\/www.prodentitalia.eu\/itpro\/wp-json\/wp\/v2\/pages\/11821"}],"collection":[{"href":"https:\/\/www.prodentitalia.eu\/itpro\/wp-json\/wp\/v2\/pages"}],"about":[{"href":"https:\/\/www.prodentitalia.eu\/itpro\/wp-json\/wp\/v2\/types\/page"}],"author":[{"embeddable":true,"href":"https:\/\/www.prodentitalia.eu\/itpro\/wp-json\/wp\/v2\/users\/1"}],"replies":[{"embeddable":true,"href":"https:\/\/www.prodentitalia.eu\/itpro\/wp-json\/wp\/v2\/comments?post=11821"}],"version-history":[{"count":9,"href":"https:\/\/www.prodentitalia.eu\/itpro\/wp-json\/wp\/v2\/pages\/11821\/revisions"}],"predecessor-version":[{"id":14993,"href":"https:\/\/www.prodentitalia.eu\/itpro\/wp-json\/wp\/v2\/pages\/11821\/revisions\/14993"}],"wp:attachment":[{"href":"https:\/\/www.prodentitalia.eu\/itpro\/wp-json\/wp\/v2\/media?parent=11821"}],"curies":[{"name":"wp","href":"https:\/\/api.w.org\/{rel}","templated":true}]}}