{"id":11560,"date":"2015-07-14T09:32:53","date_gmt":"2015-07-14T07:32:53","guid":{"rendered":"http:\/\/www.prodentitalia.eu\/ptpa\/?page_id=11560"},"modified":"2020-01-17T19:13:24","modified_gmt":"2020-01-17T18:13:24","slug":"contatti","status":"publish","type":"page","link":"https:\/\/www.prodentitalia.eu\/ptpa\/contatti\/","title":{"rendered":"Contatos"},"content":{"rendered":"<p><div class=\"fusion-fullwidth fullwidth-box fusion-builder-row-1 hundred-percent-fullwidth non-hundred-percent-height-scrolling\"  style='background-color: rgba(255,255,255,0);background-position: left top;background-repeat: no-repeat;padding-bottom:20px;border-top-width:0px;border-bottom-width:0px;border-color:#eae9e9;border-top-style:solid;border-bottom-style:solid;'><div class=\"fusion-builder-row fusion-row \"><div  class=\"fusion-layout-column fusion_builder_column fusion_builder_column_1_1 fusion-builder-column-0 fusion-one-full fusion-column-first fusion-column-last fusion-column-no-min-height 1_1\"  style='margin-top:0px;margin-bottom:0px;'><div class=\"fusion-column-wrapper\" style=\"background-position:left top;background-repeat:no-repeat;-webkit-background-size:cover;-moz-background-size:cover;-o-background-size:cover;background-size:cover;\"   data-bg-url=\"\">\t\t\t\t\t<script type=\"text\/javascript\">\n\t\t\t\t\t\tvar map_fusion_map_69d31673269a7;\n\t\t\t\t\t\tvar markers = [];\n\t\t\t\t\t\tvar counter = 0;\n\t\t\t\t\t\t\t\t\t\t\t\t\t\t\t\t\t\t\t\tvar fusionMapNonce = 'e7dcb64d4d';\n\t\t\t\t\t\t\t\t\t\t\t\tfunction fusion_run_map_fusion_map_69d31673269a7() {\n\t\t\t\t\t\t\tjQuery('#fusion_map_69d31673269a7').fusion_maps({\n\t\t\t\t\t\t\t\taddresses: [{\"address\":\"9 Via Pitagora, Pero, Milano\",\"infobox_content\":\"Prodent Italia Via Pitagora, 9 Pero (MI)\",\"coordinates\":false,\"cache\":true,\"latitude\":\"45.50656\",\"longitude\":\"9.09077400000001\"}],\n\t\t\t\t\t\t\t\tanimations: true,\n\t\t\t\t\t\t\t\tinfobox_background_color: '',\n\t\t\t\t\t\t\t\tinfobox_styling: 'default',\n\t\t\t\t\t\t\t\tinfobox_text_color: '',\n\t\t\t\t\t\t\t\tmap_style: 'custom',\n\t\t\t\t\t\t\t\tmap_type: 'roadmap',\n\t\t\t\t\t\t\t\tmarker_icon: '',\n\t\t\t\t\t\t\t\toverlay_color: '#8db6c4',\n\t\t\t\t\t\t\t\toverlay_color_hsl: {\"hue\":195,\"sat\":32,\"lum\":66},\n\t\t\t\t\t\t\t\tpan_control: true,\n\t\t\t\t\t\t\t\tshow_address: true,\n\t\t\t\t\t\t\t\tscale_control: true,\n\t\t\t\t\t\t\t\tscrollwheel: true,\n\t\t\t\t\t\t\t\tzoom: 14,\n\t\t\t\t\t\t\t\tzoom_control: true,\n\t\t\t\t\t\t\t});\n\t\t\t\t\t\t}\n\n\t\t\t\t\t\tgoogle.maps.event.addDomListener(window, 'load', fusion_run_map_fusion_map_69d31673269a7);\n\t\t\t\t\t<\/script>\n\t\t\t\t\t<div class=\"shortcode-map fusion-google-map fusion-maps-js-type\" id=\"fusion_map_69d31673269a7\" style=\"height:300px;width:100%;\"><\/div><div class=\"fusion-clearfix\"><\/div><\/div><\/div><\/div><\/div><div class=\"fusion-fullwidth fullwidth-box fusion-builder-row-2 hundred-percent-fullwidth non-hundred-percent-height-scrolling\"  style='background-color: rgba(255,255,255,0);background-position: center center;background-repeat: no-repeat;padding-top:0px;padding-right:30px;padding-bottom:0px;padding-left:30px;border-top-width:0px;border-bottom-width:0px;border-color:#eae9e9;border-top-style:solid;border-bottom-style:solid;'><div class=\"fusion-builder-row fusion-row \"><div  class=\"fusion-layout-column fusion_builder_column fusion_builder_column_1_1 fusion-builder-column-1 fusion-one-full fusion-column-first fusion-column-last fusion-column-no-min-height 1_1\"  style='margin-top:0px;margin-bottom:0px;'><div class=\"fusion-column-wrapper\" style=\"background-position:left top;background-repeat:no-repeat;-webkit-background-size:cover;-moz-background-size:cover;-o-background-size:cover;background-size:cover;\"   data-bg-url=\"\"><div class=\"fusion-sep-clear\"><\/div><div class=\"fusion-separator fusion-full-width-sep sep-none\" style=\"margin-left: auto;margin-right: auto;margin-top:;\"><\/div><div class=\"fusion-clearfix\"><\/div><\/div><\/div><\/div><\/div><div class=\"fusion-fullwidth fullwidth-box fusion-builder-row-3 nonhundred-percent-fullwidth non-hundred-percent-height-scrolling\"  style='background-color: rgba(255,255,255,0);background-position: left top;background-repeat: no-repeat;padding-top:20px;padding-bottom:20px;border-top-width:0px;border-bottom-width:0px;border-color:#eae9e9;border-top-style:solid;border-bottom-style:solid;'><div class=\"fusion-builder-row fusion-row \"><div  class=\"fusion-layout-column fusion_builder_column fusion_builder_column_1_2 fusion-builder-column-2 fusion-one-half fusion-column-first 1_2\"  style='margin-top:0px;margin-bottom:20px;width:48%; margin-right: 4%;'><div class=\"fusion-column-wrapper\" style=\"background-position:left top;background-repeat:no-repeat;-webkit-background-size:cover;-moz-background-size:cover;-o-background-size:cover;background-size:cover;\"   data-bg-url=\"\"><div class=\"fusion-text\"><p>Via Pitagora 9 \u2013 20016 Pero (MI)<\/p>\n<p>tel. +39 02 3535227<br \/>\nfax +39 02 3581180<\/p>\n<p>N\u00famero de fax para comunica\u00e7\u00f5es administrativas:<br \/>\n+39 02 339 14 272<\/p>\n<p><b><a href=\"https:\/\/www.prodentitalia.eu\/\" target=\"_blank\" rel=\"noopener noreferrer\">www.prodentitalia.eu<\/a><\/b><br \/>\n<b><a href=\"mailto:%20info@prodentitalia.it\">info@prodentitalia.it<\/a><\/b><\/p>\n<h2 data-lineheight=\"27\" data-fontsize=\"18\">Como chegar at\u00e9 n\u00f3s<\/h2>\n<p><strong>AUTOESTRADA<\/strong><br \/>\nA4\/A8\/A7\/A1<br \/>\ntangencial Oeste sa\u00edda n\u00b0 2 \u2013 Molino Dorino<\/p>\n<p><strong>TRANSPORTE P\u00daBLICO \u00a0<\/strong><br \/>\nMetropolitano de Mil\u00e3o, linha 1 vermelha<br \/>\nEsta\u00e7\u00e3o Molino Dorino<\/p>\n<\/div><div class=\"fusion-clearfix\"><\/div><\/div><\/div><div  class=\"fusion-layout-column fusion_builder_column fusion_builder_column_1_2 fusion-builder-column-3 fusion-one-half fusion-column-last 1_2\"  style='margin-top:0px;margin-bottom:20px;width:48%'><div class=\"fusion-column-wrapper\" style=\"background-position:left top;background-repeat:no-repeat;-webkit-background-size:cover;-moz-background-size:cover;-o-background-size:cover;background-size:cover;\"   data-bg-url=\"\"><div class=\"fusion-text\"><div class=\"fusion-one-half fusion-layout-column fusion-column-last fusion-spacing-yes\">\n<div class=\"fusion-column-wrapper\">\n<h2 data-lineheight=\"27\" data-fontsize=\"18\">Vendas:<\/h2>\n<p><a href=\"mailto:ordini@prodentitalia.it\">ordini@prodentitalia.it<\/a><\/p>\n<h2 data-lineheight=\"27\" data-fontsize=\"18\">Envios:<\/h2>\n<p><a href=\"mailto:magazzino@prodentitalia.it\">magazzino@prodentitalia.it<\/a><\/p>\n<h2 data-lineheight=\"27\" data-fontsize=\"18\">Atendimento aos Clientes:<\/h2>\n<p><a href=\"mailto:servizio.clienti@prodentitalia.it\">servizio.clienti@prodentitalia.it<\/a><\/p>\n<h2 data-lineheight=\"27\" data-fontsize=\"18\">Cursos e Eventos:<\/h2>\n<p><a href=\"mailto:corsi@prodentitalia.it\">corsi@prodentitalia.it<\/a><\/p>\n<h2 data-lineheight=\"27\" data-fontsize=\"18\">Administra\u00e7\u00e3o:<\/h2>\n<p><a href=\"mailto:amministrazione@prodentitalia.it\">amministrazione@prodentitalia.it<\/a><\/p>\n<div class=\"fusion-clearfix\"><\/div>\n<\/div>\n<\/div>\n<div class=\"fusion-clearfix\"><\/div>\n<\/div><div class=\"fusion-clearfix\"><\/div><\/div><\/div><\/div><\/div><\/p>\n","protected":false},"excerpt":{"rendered":"","protected":false},"author":1,"featured_media":0,"parent":0,"menu_order":0,"comment_status":"open","ping_status":"open","template":"100-width.php","meta":[],"yoast_head":"<!-- This site is optimized with the Yoast SEO plugin v14.7 - https:\/\/yoast.com\/wordpress\/plugins\/seo\/ -->\n<title>Contatos - \u00c1rea Pacientes Prodent Italia<\/title>\n<meta name=\"robots\" content=\"index, follow\" \/>\n<meta name=\"googlebot\" content=\"index, follow, max-snippet:-1, max-image-preview:large, max-video-preview:-1\" \/>\n<meta name=\"bingbot\" content=\"index, follow, max-snippet:-1, max-image-preview:large, max-video-preview:-1\" \/>\n<link rel=\"canonical\" href=\"https:\/\/www.prodentitalia.eu\/ptpa\/contatti\/\" \/>\n<meta property=\"og:locale\" content=\"pt_PT\" \/>\n<meta property=\"og:type\" content=\"article\" \/>\n<meta property=\"og:title\" content=\"Contatos - \u00c1rea Pacientes Prodent Italia\" \/>\n<meta property=\"og:url\" content=\"https:\/\/www.prodentitalia.eu\/ptpa\/contatti\/\" \/>\n<meta property=\"og:site_name\" content=\"\u00c1rea Pacientes Prodent Italia\" \/>\n<meta property=\"article:modified_time\" content=\"2020-01-17T18:13:24+00:00\" \/>\n<meta name=\"twitter:card\" content=\"summary\" \/>\n<meta name=\"twitter:creator\" content=\"@pr0en7erad475\" \/>\n<script type=\"application\/ld+json\" class=\"yoast-schema-graph\">{\"@context\":\"https:\/\/schema.org\",\"@graph\":[{\"@type\":\"WebSite\",\"@id\":\"https:\/\/www.prodentitalia.eu\/ptpa\/#website\",\"url\":\"https:\/\/www.prodentitalia.eu\/ptpa\/\",\"name\":\"\\u00c1rea Pacientes Prodent Italia\",\"description\":\"Prodent Italia l&#039;implantologia made in Italy\",\"potentialAction\":[{\"@type\":\"SearchAction\",\"target\":\"https:\/\/www.prodentitalia.eu\/ptpa\/?s={search_term_string}\",\"query-input\":\"required name=search_term_string\"}],\"inLanguage\":\"pt-PT\"},{\"@type\":\"WebPage\",\"@id\":\"https:\/\/www.prodentitalia.eu\/ptpa\/contatti\/#webpage\",\"url\":\"https:\/\/www.prodentitalia.eu\/ptpa\/contatti\/\",\"name\":\"Contatos - \\u00c1rea Pacientes Prodent Italia\",\"isPartOf\":{\"@id\":\"https:\/\/www.prodentitalia.eu\/ptpa\/#website\"},\"datePublished\":\"2015-07-14T07:32:53+00:00\",\"dateModified\":\"2020-01-17T18:13:24+00:00\",\"inLanguage\":\"pt-PT\",\"potentialAction\":[{\"@type\":\"ReadAction\",\"target\":[\"https:\/\/www.prodentitalia.eu\/ptpa\/contatti\/\"]}]}]}<\/script>\n<!-- \/ Yoast SEO plugin. -->","_links":{"self":[{"href":"https:\/\/www.prodentitalia.eu\/ptpa\/wp-json\/wp\/v2\/pages\/11560"}],"collection":[{"href":"https:\/\/www.prodentitalia.eu\/ptpa\/wp-json\/wp\/v2\/pages"}],"about":[{"href":"https:\/\/www.prodentitalia.eu\/ptpa\/wp-json\/wp\/v2\/types\/page"}],"author":[{"embeddable":true,"href":"https:\/\/www.prodentitalia.eu\/ptpa\/wp-json\/wp\/v2\/users\/1"}],"replies":[{"embeddable":true,"href":"https:\/\/www.prodentitalia.eu\/ptpa\/wp-json\/wp\/v2\/comments?post=11560"}],"version-history":[{"count":16,"href":"https:\/\/www.prodentitalia.eu\/ptpa\/wp-json\/wp\/v2\/pages\/11560\/revisions"}],"predecessor-version":[{"id":11796,"href":"https:\/\/www.prodentitalia.eu\/ptpa\/wp-json\/wp\/v2\/pages\/11560\/revisions\/11796"}],"wp:attachment":[{"href":"https:\/\/www.prodentitalia.eu\/ptpa\/wp-json\/wp\/v2\/media?parent=11560"}],"curies":[{"name":"wp","href":"https:\/\/api.w.org\/{rel}","templated":true}]}}