{"id":11083,"date":"2015-07-07T10:37:41","date_gmt":"2015-07-07T08:37:41","guid":{"rendered":"http:\/\/www.prodentitalia.eu\/it-pro\/?page_id=11083"},"modified":"2023-01-24T10:54:11","modified_gmt":"2023-01-24T09:54:11","slug":"prodent-azienda-produzione-servizi","status":"publish","type":"page","link":"https:\/\/www.prodentitalia.eu\/ptpro\/prodent-azienda-produzione-servizi\/","title":{"rendered":"Apresenta\u00e7\u00e3o da Empresa"},"content":{"rendered":"<p><div class=\"fusion-fullwidth fullwidth-box fusion-builder-row-1 fusion-parallax-fixed nonhundred-percent-fullwidth non-hundred-percent-height-scrolling\"  style='background-color: rgba(255,255,255,0);background-image: url(\"https:\/\/www.prodentitalia.eu\/it-pro\/wp-content\/uploads\/sites\/40\/2015\/07\/bkg-azienda5.jpg\");background-position: right top;background-repeat: no-repeat;padding-top:0px;padding-bottom:0px;border-top-width:0px;border-bottom-width:0px;border-color:#eae9e9;border-top-style:solid;border-bottom-style:solid;-webkit-background-size:cover;-moz-background-size:cover;-o-background-size:cover;background-size:cover;background-attachment:fixed;'><div class=\"fusion-builder-row fusion-row \"><div  class=\"fusion-layout-column fusion_builder_column fusion_builder_column_2_3 fusion-builder-column-0 fusion-two-third fusion-column-first 2_3\"  style='margin-top:50px;margin-bottom:50px;width:65.3333%; margin-right: 4%;'><div class=\"fusion-column-wrapper\" style=\"padding: 30px 30px 30px 30px;background-position:left top;background-repeat:no-repeat;-webkit-background-size:cover;-moz-background-size:cover;-o-background-size:cover;background-size:cover;\"   data-bg-url=\"\"><div class=\"fusion-text\"><h1 style=\"text-align: left\"><span style=\"color: #ffffff\">Situada perto de Mil\u00e3o, a Prodent Italia projeta e produz sistemas de implantes desde quando a implantologia foi introduzida em It\u00e1lia.<\/span><\/h1>\n<h2 style=\"text-align: left\"><span style=\"color: #ffffff\">Os titulares e administradores garantem estabilidade e crescimento gra\u00e7as \u00e0 aten\u00e7\u00e3o para com a pesquisa e ao suporte cont\u00ednuo dos estudos odontol\u00f3gicos. <\/span><\/h2>\n<\/div><div class=\"fusion-clearfix\"><\/div><\/div><\/div><\/div><\/div><div class=\"fusion-fullwidth fullwidth-box fusion-builder-row-2 nonhundred-percent-fullwidth non-hundred-percent-height-scrolling\"  style='background-color: #ffffff;background-position: left top;background-repeat: no-repeat;padding-top:0px;padding-right:0px;padding-bottom:0px;padding-left:0px;border-top-width:0px;border-bottom-width:0px;border-color:#eae9e9;border-top-style:solid;border-bottom-style:solid;'><div class=\"fusion-builder-row fusion-row \"><div  class=\"fusion-layout-column fusion_builder_column fusion_builder_column_1_2 fusion-builder-column-1 fusion-one-half fusion-column-first 1_2\"  style='margin-top:20px;margin-bottom:20px;width:48%; margin-right: 4%;'><div class=\"fusion-column-wrapper\" style=\"padding: 20px 20px 20px 20px;background-position:left top;background-repeat:no-repeat;-webkit-background-size:cover;-moz-background-size:cover;-o-background-size:cover;background-size:cover;\"   data-bg-url=\"\"><div class=\"fusion-text\"><p><a name=\"ricerca\"><\/a><\/p>\n<h1 style=\"text-align: left\"><span style=\"color: #008dbd\">Pesquisa<\/span><\/h1>\n<p><a name=\"ricerca\"><\/a><\/p>\n<p style=\"text-align: justify\"><img loading=\"lazy\" class=\"alignleft size-full wp-image-11769\" src=\"https:\/\/www.prodentitalia.eu\/it-pro\/wp-content\/uploads\/sites\/40\/2015\/07\/ico-research45.png\" alt=\"ico-research45\" width=\"45\" height=\"45\" \/>Para realizar um novo implante, o ideal \u00e9 que tr\u00eas &#8220;sectores&#8221; trabalhem em conjunto: o &#8220;mundo&#8221; cl\u00ednico, t\u00e9cnico e de produto. As especifica\u00e7\u00f5es e os pedidos s\u00e3o efetuados por odontologistas experientes, que trazem ideias inovadoras voltadas para a supera\u00e7\u00e3o dos limites encontrados no trabalho em campo.<\/p>\n<p>O &#8220;mundo&#8221; do produto traduz as exig\u00eancias daquele cl\u00ednico num plano de projeto; ent\u00e3o, o sector t\u00e9cnico, composto por bioengenheiros, projeta o sistema de implantes com base nos requisitos de viabilidade biomec\u00e2nica do implante, que deve se integrar no osso e resistir \u00e0s for\u00e7as de carga. Para o teste de carga est\u00e1tica e din\u00e2mica, a Prodent Italia conta com a colabora\u00e7\u00e3o do Laborat\u00f3rio LaBS (Laboratory of Biological Structured Mechanics) do Polit\u00e9cnico de Mil\u00e3o.<\/p>\n<\/div><div class=\"fusion-clearfix\"><\/div><\/div><\/div><div  class=\"fusion-layout-column fusion_builder_column fusion_builder_column_1_2 fusion-builder-column-2 fusion-one-half fusion-column-last 1_2\"  style='margin-top:20px;margin-bottom:20px;width:48%'><div class=\"fusion-column-wrapper\" style=\"padding: 20px 20px 20px 20px;background-position:left top;background-repeat:no-repeat;-webkit-background-size:cover;-moz-background-size:cover;-o-background-size:cover;background-size:cover;\"   data-bg-url=\"\"><div class=\"fusion-text\"><p><a name=\"produzione\"><\/a><\/p>\n<h1 style=\"text-align: left\"><span style=\"color: #008dbd\">Processo produtivo<br \/>\n<\/span><\/h1>\n<p style=\"text-align: justify\"><img loading=\"lazy\" class=\"alignleft size-full wp-image-11770\" src=\"https:\/\/www.prodentitalia.eu\/it-pro\/wp-content\/uploads\/sites\/40\/2015\/07\/ico-process45.png\" alt=\"ico-process45\" width=\"45\" height=\"45\" \/>O processo produtivo come\u00e7a com os tornos de controlo num\u00e9rico que fabricam os dispositivos em linhas de produ\u00e7\u00e3o espec\u00edficas (para implantes, componentes de pr\u00f3teses e instrumentos).<\/p>\n<p>Para os implantes, \u00e9 efetuado sucessivamente o tratamento superficial com morda\u00e7agem dupla (acidifica\u00e7\u00e3o),\u00a0de limpeza efetuada com areia. Em seguida, \u00e9 efetuada a descontamina\u00e7\u00e3o em reatores de plasma de \u00e1rgon e (o que \u00e9 muito raro no sector) o controlo dimensional de 100% das pe\u00e7as.<\/p>\n<p>Enfim, \u00e9 efetuado o acondicionamento est\u00e9ril em bl\u00edster duplo em laborat\u00f3rio limpo e, finalmente, a esteriliza\u00e7\u00e3o com raios gama. Para al\u00e9m disso, testes de valida\u00e7\u00e3o s\u00e3o efetuados periodicamente nos produtos, que preveem o controlo da observ\u00e2ncia \u00e0s respectivas especifica\u00e7\u00f5es com base nos requisitos da Diretiva 93\/42\/CEE e sucessivas altera\u00e7\u00f5es.<\/p>\n<\/div><div class=\"fusion-clearfix\"><\/div><\/div><\/div><div  class=\"fusion-layout-column fusion_builder_column fusion_builder_column_1_2 fusion-builder-column-3 fusion-one-half fusion-column-first 1_2\"  style='margin-top:0px;margin-bottom:20px;width:48%; margin-right: 4%;'><div class=\"fusion-column-wrapper\" style=\"padding: 20px 20px 20px 20px;background-position:left top;background-repeat:no-repeat;-webkit-background-size:cover;-moz-background-size:cover;-o-background-size:cover;background-size:cover;\"   data-bg-url=\"\"><div class=\"fusion-text\"><p><a name=\"distribuzione\"><\/a><\/p>\n<h1 style=\"text-align: left\"><span style=\"color: #008dbd\">Distribui\u00e7\u00e3o<br \/>\n<\/span><\/h1>\n<p style=\"text-align: justify\"><img loading=\"lazy\" class=\"alignleft size-full wp-image-11776\" src=\"https:\/\/www.prodentitalia.eu\/it-pro\/wp-content\/uploads\/sites\/40\/2015\/07\/ico-distribution45.png\" alt=\"ico-distribution45\" width=\"45\" height=\"45\" \/>A Prodent Italia distribui diretamente os seus produtos atrav\u00e9s da sua rede de vendas pr\u00f3pria, que cobre todo o territ\u00f3rio nacional.<\/p>\n<p>Para al\u00e9m disso, os nossos agentes t\u00eam um conhecimento especializado dos produtos, ent\u00e3o, est\u00e3o preparados para auxiliar o consult\u00f3rio de odontologia em m\u00e9rito aos v\u00e1rios aspectos da implantologia.<\/p>\n<p>Isso significa efici\u00eancia na gest\u00e3o dos materiais de implante e consultoria imediata na gest\u00e3o dos v\u00e1rios casos cl\u00ednicos.<\/p>\n<\/div><div class=\"fusion-clearfix\"><\/div><\/div><\/div><div  class=\"fusion-layout-column fusion_builder_column fusion_builder_column_1_2 fusion-builder-column-4 fusion-one-half fusion-column-last 1_2\"  style='margin-top:0px;margin-bottom:20px;width:48%'><div class=\"fusion-column-wrapper\" style=\"padding: 20px 20px 20px 20px;background-position:left top;background-repeat:no-repeat;-webkit-background-size:cover;-moz-background-size:cover;-o-background-size:cover;background-size:cover;\"   data-bg-url=\"\"><div class=\"fusion-text\"><p><a name=\"certificazioni\"><\/a><\/p>\n<h1 style=\"text-align: left\"><span style=\"color: #008dbd\">Certifica\u00e7\u00f5es<\/span><\/h1>\n<p style=\"text-align: justify\">A Prodent Italia possui um Sistema de Gest\u00e3o de Qualidade em conformidade com as normas UNI CEI EN ISO 13485.<\/p>\n<p>As primeiras certifica\u00e7\u00f5es expedidas \u00e0 Prodent Italia remontam a 1998.<\/p>\n<div class=\"fusion-title title fusion-title-size-one\">\n<div class=\"fusion-title title fusion-title-size-one\">\n<h1 class=\"title-heading-left\" style=\"font-family: 'PT Sans', Arial, Helvetica, sans-serif;letter-spacing: normal;font-style: normal\">Atestado<\/h1>\n<\/div>\n<p>Atestado <a href=\"https:\/\/www.prodentitalia.eu\/pdf\/pro-it\/UNI-CEI-EN-ISO-13485-2016-.pdf\" target=\"_blank\" rel=\"noopener noreferrer\">UNI CEI EN ISO 13485 &gt;<\/a><\/p>\n<p><a href=\"https:\/\/www.prodentitalia.eu\/pdf\/pro-it\/Certiquality-25688-Impianti-Dentali-Endoossei-21.05.21.pdf\" target=\"_blank\" rel=\"noopener noreferrer\">Atestado Certiquality n. 25688 \u2013 Impianti Dentali Endoossei<\/a><\/p>\n<p><a href=\"https:\/\/www.prodentitalia.eu\/pdf\/pro-it\/25687_030518.pdf\" target=\"_blank\" rel=\"noopener noreferrer\">Atestado Certiquality n. 25687- Componentistica Protesica<\/a><\/p>\n<p><a href=\"https:\/\/www.prodentitalia.eu\/pdf\/pro-it\/25686_030518.pdf\" target=\"_blank\" rel=\"noopener noreferrer\">Atestado Certiquality n. 25686 \u2013 Strumentario ed accessori<\/a><\/p>\n<\/div>\n<\/div><div class=\"fusion-clearfix\"><\/div><\/div><\/div><\/div><\/div><div class=\"fusion-fullwidth fullwidth-box fusion-builder-row-3 nonhundred-percent-fullwidth non-hundred-percent-height-scrolling fusion-equal-height-columns\"  style='background-color: #eaeaea;background-position: left top;background-repeat: no-repeat;padding-top:0px;padding-right:0px;padding-bottom:0px;padding-left:0px;border-top-width:0px;border-bottom-width:0px;border-color:#eae9e9;border-top-style:solid;border-bottom-style:solid;'><div class=\"fusion-builder-row fusion-row \"><div  class=\"fusion-layout-column fusion_builder_column fusion_builder_column_1_1 fusion-builder-column-5 fusion-one-full fusion-column-first fusion-column-last 1_1\"  style='margin-top:50px;margin-bottom:0px;'><div class=\"fusion-column-wrapper\" style=\"padding: 0px 0px 0px 0px;background-position:left top;background-repeat:no-repeat;-webkit-background-size:cover;-moz-background-size:cover;-o-background-size:cover;background-size:cover;\"   data-bg-url=\"\"><div class=\"fusion-text\"><p><a name=\"servizi\"><\/a><\/p>\n<h1 style=\"text-align: center\"><span style=\"color: #008dbd\">Servi\u00e7os ao cliente<br \/>\n<\/span><\/h1>\n<p><a href=\"https:\/\/www.prodentitalia.eu\/it-pro\/wp-content\/uploads\/sites\/40\/2015\/07\/ico-customer-services170.png\"><img loading=\"lazy\" class=\"aligncenter size-full wp-image-11748\" src=\"https:\/\/www.prodentitalia.eu\/it-pro\/wp-content\/uploads\/sites\/40\/2015\/06\/ico-services-90c.png\" alt=\"ico-services-90c\" width=\"90\" height=\"90\" srcset=\"https:\/\/www.prodentitalia.eu\/ptpro\/wp-content\/uploads\/sites\/40\/2015\/06\/ico-services-90c-66x66.png 66w, https:\/\/www.prodentitalia.eu\/ptpro\/wp-content\/uploads\/sites\/40\/2015\/06\/ico-services-90c.png 90w\" sizes=\"(max-width: 90px) 100vw, 90px\" \/><\/a><\/p>\n<\/div><div class=\"fusion-clearfix\"><\/div><\/div><\/div><div  class=\"fusion-layout-column fusion_builder_column fusion_builder_column_1_2 fusion-builder-column-6 fusion-one-half fusion-column-first 1_2\"  style='margin-top:0px;margin-bottom:20px;width:48%; margin-right: 4%;'><div class=\"fusion-column-wrapper\" style=\"background-color:#ffffff;border:1px solid #a5a5a5;padding: 30px 30px 30px 30px;background-position:left top;background-repeat:no-repeat;-webkit-background-size:cover;-moz-background-size:cover;-o-background-size:cover;background-size:cover;\"   data-bg-url=\"\"><div class=\"fusion-text\"><h2 style=\"text-align: center\"><span style=\"color: #008dbd\">Especialista em produto<\/span><\/h2>\n<p style=\"text-align: left\">Para al\u00e9m dos agentes de venda, a Prodent Italia fornece aos seus clientes o suporte do pessoal t\u00e9cnico com experi\u00eancia espec\u00edfica nos problemas decorrentes da implantologia dos casos mais complexos atendidos pelo consult\u00f3rio de odontologia.<\/p>\n<\/div><div class=\"fusion-clearfix\"><\/div><\/div><\/div><div  class=\"fusion-layout-column fusion_builder_column fusion_builder_column_1_2 fusion-builder-column-7 fusion-one-half fusion-column-last 1_2\"  style='margin-top:0px;margin-bottom:20px;width:48%'><div class=\"fusion-column-wrapper\" style=\"background-color:#ffffff;border:1px solid #a5a5a5;padding: 30px 30px 30px 30px;background-position:left top;background-repeat:no-repeat;-webkit-background-size:cover;-moz-background-size:cover;-o-background-size:cover;background-size:cover;\"   data-bg-url=\"\"><div class=\"fusion-text\"><h2 style=\"text-align: center\"><span style=\"color: #008dbd\">Solu\u00e7\u00f5es personalizadas para a pr\u00f3tese<\/span><\/h2>\n<p>&nbsp;<\/p>\n<p style=\"text-align: left\">A Planet Prodent \u00e9 o sistema CAD\/CAM para solu\u00e7\u00f5es de pr\u00f3tese personalizadas a partir de um ficheiro de modela\u00e7\u00e3o.<\/p>\n<\/div><div class=\"fusion-clearfix\"><\/div><\/div><\/div><div  class=\"fusion-layout-column fusion_builder_column fusion_builder_column_1_2 fusion-builder-column-8 fusion-one-half fusion-column-first 1_2\"  style='margin-top:20px;margin-bottom:50px;width:48%; margin-right: 4%;'><div class=\"fusion-column-wrapper\" style=\"background-color:#ffffff;border:1px solid #a5a5a5;padding: 30px 30px 30px 30px;background-position:left top;background-repeat:no-repeat;-webkit-background-size:cover;-moz-background-size:cover;-o-background-size:cover;background-size:cover;\"   data-bg-url=\"\"><div class=\"fusion-text\"><h2 style=\"text-align: center\"><span style=\"color: #008dbd\">Forma\u00e7\u00e3o Cl\u00ednica e muito mais<br \/>\n<\/span><\/h2>\n<p style=\"text-align: left\">A Prodent Italia sabe que o consult\u00f3rio de odontologia de hoje necessita de uma atualiza\u00e7\u00e3o cl\u00ednica e profissional cont\u00ednua. Por isso, organiza regularmente, em todo o territ\u00f3rio nacional, eventos, encontros e cursos de forma\u00e7\u00e3o no \u00e2mbito cl\u00ednico e no \u00e2mbito de gest\u00e3o do consult\u00f3rio.<\/p>\n<\/div><div class=\"fusion-clearfix\"><\/div><\/div><\/div><div  class=\"fusion-layout-column fusion_builder_column fusion_builder_column_1_2 fusion-builder-column-9 fusion-one-half fusion-column-last 1_2\"  style='margin-top:20px;margin-bottom:50px;width:48%'><div class=\"fusion-column-wrapper\" style=\"background-color:#ffffff;border:1px solid #a5a5a5;padding: 30px 30px 30px 30px;background-position:left top;background-repeat:no-repeat;-webkit-background-size:cover;-moz-background-size:cover;-o-background-size:cover;background-size:cover;\"   data-bg-url=\"\"><div class=\"fusion-text\"><h2 style=\"text-align: center\"><span style=\"color: #008dbd\">Condi\u00e7\u00f5es comerciais personalizadas<br \/>\n<\/span><\/h2>\n<p style=\"text-align: left\">Acordos comerciais com baixo n\u00famero m\u00ednimo de implantes e descontos fixos por toda a dura\u00e7\u00e3o do acordo.<\/p>\n<\/div><div class=\"fusion-clearfix\"><\/div><\/div><\/div><\/div><\/div><div class=\"fusion-fullwidth fullwidth-box fusion-builder-row-4 nonhundred-percent-fullwidth non-hundred-percent-height-scrolling\"  style='background-color: rgba(255,255,255,0);background-position: left top;background-repeat: no-repeat;padding-top:20px;padding-bottom:20px;border-top-width:0px;border-bottom-width:0px;border-color:#eae9e9;border-top-style:solid;border-bottom-style:solid;'><div class=\"fusion-builder-row fusion-row \"><div  class=\"fusion-layout-column fusion_builder_column fusion_builder_column_1_1 fusion-builder-column-10 fusion-one-full fusion-column-first fusion-column-last 1_1\"  style='margin-top:0px;margin-bottom:20px;'><div class=\"fusion-column-wrapper\" style=\"padding: 0px 0px 0px 0px;background-position:left top;background-repeat:no-repeat;-webkit-background-size:cover;-moz-background-size:cover;-o-background-size:cover;background-size:cover;\"   data-bg-url=\"\"><span class=\"fusion-imageframe imageframe-none imageframe-1 hover-type-none\"><img src=\"https:\/\/www.prodentitalia.eu\/it-pro\/wp-content\/uploads\/sites\/40\/2015\/06\/big-logo-pay-off9.png\"   alt=\"\" title=\"\" class=\"img-responsive\"\/><\/span><div class=\"fusion-clearfix\"><\/div><\/div><\/div><\/div><\/div><\/p>\n","protected":false},"excerpt":{"rendered":"","protected":false},"author":1,"featured_media":0,"parent":0,"menu_order":0,"comment_status":"open","ping_status":"open","template":"100-width.php","meta":[],"yoast_head":"<!-- This site is optimized with the Yoast SEO plugin v14.7 - https:\/\/yoast.com\/wordpress\/plugins\/seo\/ -->\n<title>Apresenta\u00e7\u00e3o da Empresa - \u00c1rea Profissionais Prodent Italia<\/title>\n<meta name=\"robots\" content=\"index, follow\" \/>\n<meta name=\"googlebot\" content=\"index, follow, max-snippet:-1, max-image-preview:large, max-video-preview:-1\" \/>\n<meta name=\"bingbot\" content=\"index, follow, max-snippet:-1, max-image-preview:large, max-video-preview:-1\" \/>\n<link rel=\"canonical\" href=\"https:\/\/www.prodentitalia.eu\/ptpro\/prodent-azienda-produzione-servizi\/\" \/>\n<meta property=\"og:locale\" content=\"pt_PT\" \/>\n<meta property=\"og:type\" content=\"article\" \/>\n<meta property=\"og:title\" content=\"Apresenta\u00e7\u00e3o da Empresa - \u00c1rea Profissionais Prodent Italia\" \/>\n<meta property=\"og:url\" content=\"https:\/\/www.prodentitalia.eu\/ptpro\/prodent-azienda-produzione-servizi\/\" \/>\n<meta property=\"og:site_name\" content=\"\u00c1rea Profissionais Prodent Italia\" \/>\n<meta property=\"article:modified_time\" content=\"2023-01-24T09:54:11+00:00\" \/>\n<meta property=\"og:image\" content=\"https:\/\/www.prodentitalia.eu\/it-pro\/wp-content\/uploads\/sites\/40\/2015\/07\/ico-research45.png\" \/>\n<meta name=\"twitter:card\" content=\"summary\" \/>\n<meta name=\"twitter:creator\" content=\"@pr0en7erad475\" \/>\n<script type=\"application\/ld+json\" class=\"yoast-schema-graph\">{\"@context\":\"https:\/\/schema.org\",\"@graph\":[{\"@type\":\"WebSite\",\"@id\":\"https:\/\/www.prodentitalia.eu\/ptpro\/#website\",\"url\":\"https:\/\/www.prodentitalia.eu\/ptpro\/\",\"name\":\"\\u00c1rea Profissionais Prodent Italia\",\"description\":\"Prodent Italia l&#039;implantologia made in Italy\",\"potentialAction\":[{\"@type\":\"SearchAction\",\"target\":\"https:\/\/www.prodentitalia.eu\/ptpro\/?s={search_term_string}\",\"query-input\":\"required name=search_term_string\"}],\"inLanguage\":\"pt-PT\"},{\"@type\":\"ImageObject\",\"@id\":\"https:\/\/www.prodentitalia.eu\/ptpro\/prodent-azienda-produzione-servizi\/#primaryimage\",\"inLanguage\":\"pt-PT\",\"url\":\"https:\/\/www.prodentitalia.eu\/it-pro\/wp-content\/uploads\/sites\/40\/2015\/07\/ico-research45.png\"},{\"@type\":\"WebPage\",\"@id\":\"https:\/\/www.prodentitalia.eu\/ptpro\/prodent-azienda-produzione-servizi\/#webpage\",\"url\":\"https:\/\/www.prodentitalia.eu\/ptpro\/prodent-azienda-produzione-servizi\/\",\"name\":\"Apresenta\\u00e7\\u00e3o da Empresa - \\u00c1rea Profissionais Prodent Italia\",\"isPartOf\":{\"@id\":\"https:\/\/www.prodentitalia.eu\/ptpro\/#website\"},\"primaryImageOfPage\":{\"@id\":\"https:\/\/www.prodentitalia.eu\/ptpro\/prodent-azienda-produzione-servizi\/#primaryimage\"},\"datePublished\":\"2015-07-07T08:37:41+00:00\",\"dateModified\":\"2023-01-24T09:54:11+00:00\",\"inLanguage\":\"pt-PT\",\"potentialAction\":[{\"@type\":\"ReadAction\",\"target\":[\"https:\/\/www.prodentitalia.eu\/ptpro\/prodent-azienda-produzione-servizi\/\"]}]}]}<\/script>\n<!-- \/ Yoast SEO plugin. -->","_links":{"self":[{"href":"https:\/\/www.prodentitalia.eu\/ptpro\/wp-json\/wp\/v2\/pages\/11083"}],"collection":[{"href":"https:\/\/www.prodentitalia.eu\/ptpro\/wp-json\/wp\/v2\/pages"}],"about":[{"href":"https:\/\/www.prodentitalia.eu\/ptpro\/wp-json\/wp\/v2\/types\/page"}],"author":[{"embeddable":true,"href":"https:\/\/www.prodentitalia.eu\/ptpro\/wp-json\/wp\/v2\/users\/1"}],"replies":[{"embeddable":true,"href":"https:\/\/www.prodentitalia.eu\/ptpro\/wp-json\/wp\/v2\/comments?post=11083"}],"version-history":[{"count":131,"href":"https:\/\/www.prodentitalia.eu\/ptpro\/wp-json\/wp\/v2\/pages\/11083\/revisions"}],"predecessor-version":[{"id":12434,"href":"https:\/\/www.prodentitalia.eu\/ptpro\/wp-json\/wp\/v2\/pages\/11083\/revisions\/12434"}],"wp:attachment":[{"href":"https:\/\/www.prodentitalia.eu\/ptpro\/wp-json\/wp\/v2\/media?parent=11083"}],"curies":[{"name":"wp","href":"https:\/\/api.w.org\/{rel}","templated":true}]}}